{"id":90,"date":"2021-09-04T10:55:07","date_gmt":"2021-09-04T09:55:07","guid":{"rendered":"http:\/\/akm-test.bensalem.de\/?page_id=90"},"modified":"2026-03-09T11:35:43","modified_gmt":"2026-03-09T10:35:43","slug":"denis-andernach","status":"publish","type":"page","link":"https:\/\/www.akm-koblenz.de\/index.php\/mitglieder\/denis-andernach\/","title":{"rendered":"Denis Andernach"},"content":{"rendered":"\n<div class=\"wp-block-columns is-layout-flex wp-container-core-columns-is-layout-1 wp-block-columns-is-layout-flex\">\n<div class=\"wp-block-column is-layout-flow wp-block-column-is-layout-flow\" style=\"flex-basis:66.66%\">\n<figure class=\"wp-block-table is-style-stripes\"><table><tbody><tr><td>1976<\/td><td>geboren in Neuwied<\/td><\/tr><tr><td>1997 &#8211; 2004<\/td><td>Studium der Architektur TU Kaiserslautern<\/td><\/tr><tr><td>2006 &#8211; 2012<\/td><td>wissenschaftlicher Mitarbeiter im Lehrgebiet Prof. Modersohn Baukonstruktion<br>und Entwerfen<\/td><\/tr><tr><td>2012<\/td><td>Lehrauftrag Bauteilorientiertes Zeichnen an der TU Kaiserslautern<\/td><\/tr><tr><td>2012<\/td><td>Lehrauftrag Bauteilorientiertes Zeichnen an der TU Kaiserslautern<\/td><\/tr><tr><td>seit 2007<\/td><td>eigenes Architekturb\u00fcro, Bau Eins Architekten<\/td><\/tr><\/tbody><\/table><\/figure>\n<\/div>\n\n\n\n<div class=\"wp-block-column is-layout-flow wp-block-column-is-layout-flow\" style=\"flex-basis:33.33%\">\n<figure class=\"wp-block-image size-full\"><img loading=\"lazy\" decoding=\"async\" width=\"300\" height=\"300\" src=\"http:\/\/192.168.56.101\/wp-content\/uploads\/2021\/09\/618c929a0db3ca520a46f79c51513400.jpg\" alt=\"\" class=\"wp-image-115\" srcset=\"https:\/\/www.akm-koblenz.de\/wp-content\/uploads\/2021\/09\/618c929a0db3ca520a46f79c51513400.jpg 300w, https:\/\/www.akm-koblenz.de\/wp-content\/uploads\/2021\/09\/618c929a0db3ca520a46f79c51513400-200x200.jpg 200w, https:\/\/www.akm-koblenz.de\/wp-content\/uploads\/2021\/09\/618c929a0db3ca520a46f79c51513400-100x100.jpg 100w\" sizes=\"auto, (max-width: 300px) 100vw, 300px\" \/><\/figure>\n<\/div>\n<\/div>\n\n\n\n<h2 class=\"wp-block-heading\">Einzelausstellungen (Auswahl ab 2009)<\/h2>\n\n\n\n<figure class=\"wp-block-table is-style-stripes\"><table><tbody><tr><td>2012<\/td><td>Landschaftsh\u00e4user, mit Vortrag an der TU Dresden<\/td><\/tr><tr><td>2011<\/td><td>Landschaftsh\u00e4user, Galerie Waidspaicher, Erfurt<\/td><\/tr><tr><td>2010<\/td><td>Internationale Zeichnung, mit Ward Zwart, Galerie Streitenfeld, Oberursel<br>Zu Gast beim K\u00fcnstlerstammtisch, Pfalzgalerie, Kaiserslautern<br>Landschaftsh\u00e4user, Architekturgalerie Kaiserslautern<\/td><\/tr><tr><td>2009<\/td><td>Landschaftsh\u00e4user, im Kreishaus Neuwied, Einf\u00fchrung Frau Dr. Liselotte Kaulbach<br>Landschaftsh\u00e4user 36 x 48, im Haus 1, Berlin, Einf\u00fchrung Dr. Andreas Sch\u00e4tzke<\/td><\/tr><\/tbody><\/table><\/figure>\n\n\n\n<h2 class=\"wp-block-heading\">Ausstellungsbeteiligungen (Auswahl ab 2002)<\/h2>\n\n\n\n<figure class=\"wp-block-table is-style-stripes\"><table><tbody><tr><td>2013<\/td><td>Zentrum Baukultur, mit Hannelore K\u00f6nig, Mainz<\/td><\/tr><tr><td>2012<\/td><td>Neumitglieder der AKM, K\u00fcnstlerhaus Metternich, Koblenz<br>Plane and Solid, AG Gallery, New York<\/td><\/tr><tr><td>2010<\/td><td>Jahresausstellung, Roentgenmuseum Neuwied<br>Kunst und Architektur, anl\u00e4sslich der PLAN10, mit Rob Voerman, Phillip Hennevogl,<br>im Kunsthaus Lempertz, K\u00f6ln<br>Konzept-Natur, Galerie P13, Heidelberg<br>Sehnsucht, im Deutschen Pavillon bei der Architekturbiennale Venedig<\/td><\/tr><tr><td>2008<\/td><td>Tr\u00e4ume vom Wohnen, Forum f\u00fcr Kunst und Architektur, Essen<\/td><\/tr><tr><td>seit 2009<\/td><td>Teilnahme an der Jahresausstellung form+farbe, AKM K\u00fcnstlerhaus Metternich, Koblenz<\/td><\/tr><tr><td><\/td><td><\/td><\/tr><\/tbody><\/table><\/figure>\n\n\n\n<h2 class=\"wp-block-heading\">Lebt und arbeitet in:<\/h2>\n\n\n\n<p>Richard-Wagner-Ring 12c \u2022 67227 Frankenthal<br>Mobil: 0176 &#8211; 76 78 0973 \u2022 <a href=\"mailto:denis_andernach@web.de\" target=\"_blank\" rel=\"noreferrer noopener\">denis_andernach@web.de<\/a><br><a href=\"http:\/\/www.denis-andernbach.de\" target=\"_blank\" rel=\"noreferrer noopener\">www.denis-andernach.de<\/a><\/p>\n\n\n\n<p class=\"has-text-align-center\">Guckhaus 2013, Tusche auf Papier, 62,5 x 48 cm<\/p>\n\n\n<div class=\"wp-block-image\">\n<figure class=\"aligncenter size-large is-resized\"><img decoding=\"async\" src=\"https:\/\/www.interatmedia-content.de\/z-leistung\/cmstop\/images\/18ed4dd21fd45543135d56360369ce75.jpg\" alt=\"\" style=\"width:400px\"\/><\/figure><\/div>\n\n\n<hr class=\"wp-block-separator has-css-opacity\"\/>\n\n\n\n<p class=\"has-text-align-center\">Stadtanalogie 2012, Tusche auf Papier, 62,5 x 48cm<\/p>\n\n\n<div class=\"wp-block-image\">\n<figure class=\"aligncenter size-large is-resized\"><img decoding=\"async\" src=\"https:\/\/www.interatmedia-content.de\/z-leistung\/cmstop\/images\/1da47429459647173856de4445d7c64b.jpg\" alt=\"\" style=\"width:400px\"\/><\/figure><\/div>\n\n\n<hr class=\"wp-block-separator has-css-opacity\"\/>\n\n\n\n<p class=\"has-text-align-center\">Unterhaus II 2012, Tusche auf Papier, 62,5 x 48cm<\/p>\n\n\n<div class=\"wp-block-image\">\n<figure class=\"aligncenter size-large is-resized\"><img decoding=\"async\" src=\"https:\/\/www.interatmedia-content.de\/z-leistung\/cmstop\/images\/c07aca333472cc5bf1ea31fbffb9492b.jpg\" alt=\"\" style=\"width:400px\"\/><\/figure><\/div>","protected":false},"excerpt":{"rendered":"<p>1976 geboren in Neuwied 1997 &#8211; 2004 Studium der Architektur TU Kaiserslautern 2006 &#8211; 2012 wissenschaftlicher Mitarbeiter im Lehrgebiet Prof. Modersohn Baukonstruktionund Entwerfen 2012 Lehrauftrag Bauteilorientiertes Zeichnen an der TU Kaiserslautern 2012 Lehrauftrag Bauteilorientiertes Zeichnen an der TU Kaiserslautern seit 2007 eigenes Architekturb\u00fcro, Bau Eins Architekten Einzelausstellungen (Auswahl ab 2009) 2012 Landschaftsh\u00e4user, mit Vortrag an &hellip; <\/p>\n<p class=\"link-more\"><a href=\"https:\/\/www.akm-koblenz.de\/index.php\/mitglieder\/denis-andernach\/\" class=\"more-link\">Continue reading<span class=\"screen-reader-text\"> &#8220;Denis Andernach&#8221;<\/span><\/a><\/p>\n","protected":false},"author":1,"featured_media":0,"parent":92,"menu_order":0,"comment_status":"closed","ping_status":"closed","template":"","meta":{"footnotes":""},"class_list":["post-90","page","type-page","status-publish","hentry"],"_links":{"self":[{"href":"https:\/\/www.akm-koblenz.de\/index.php\/wp-json\/wp\/v2\/pages\/90","targetHints":{"allow":["GET"]}}],"collection":[{"href":"https:\/\/www.akm-koblenz.de\/index.php\/wp-json\/wp\/v2\/pages"}],"about":[{"href":"https:\/\/www.akm-koblenz.de\/index.php\/wp-json\/wp\/v2\/types\/page"}],"author":[{"embeddable":true,"href":"https:\/\/www.akm-koblenz.de\/index.php\/wp-json\/wp\/v2\/users\/1"}],"replies":[{"embeddable":true,"href":"https:\/\/www.akm-koblenz.de\/index.php\/wp-json\/wp\/v2\/comments?post=90"}],"version-history":[{"count":6,"href":"https:\/\/www.akm-koblenz.de\/index.php\/wp-json\/wp\/v2\/pages\/90\/revisions"}],"predecessor-version":[{"id":1419,"href":"https:\/\/www.akm-koblenz.de\/index.php\/wp-json\/wp\/v2\/pages\/90\/revisions\/1419"}],"up":[{"embeddable":true,"href":"https:\/\/www.akm-koblenz.de\/index.php\/wp-json\/wp\/v2\/pages\/92"}],"wp:attachment":[{"href":"https:\/\/www.akm-koblenz.de\/index.php\/wp-json\/wp\/v2\/media?parent=90"}],"curies":[{"name":"wp","href":"https:\/\/api.w.org\/{rel}","templated":true}]}}

<div class="wp-block-columns is-layout-flex wp-container-core-columns-is-layout-1 wp-block-columns-is-layout-flex">
<div class="wp-block-column is-layout-flow wp-block-column-is-layout-flow" style="flex-basis:66.66%">
<figure class="wp-block-table is-style-stripes"><table><tbody><tr><td>1976</td><td>geboren in Neuwied</td></tr><tr><td>1997 &#8211; 2004</td><td>Studium der Architektur TU Kaiserslautern</td></tr><tr><td>2006 &#8211; 2012</td><td>wissenschaftlicher Mitarbeiter im Lehrgebiet Prof. Modersohn Baukonstruktion<br>und Entwerfen</td></tr><tr><td>2012</td><td>Lehrauftrag Bauteilorientiertes Zeichnen an der TU Kaiserslautern</td></tr><tr><td>2012</td><td>Lehrauftrag Bauteilorientiertes Zeichnen an der TU Kaiserslautern</td></tr><tr><td>seit 2007</td><td>eigenes Architekturbüro, Bau Eins Architekten</td></tr></tbody></table></figure>
</div>



<div class="wp-block-column is-layout-flow wp-block-column-is-layout-flow" style="flex-basis:33.33%">
<figure class="wp-block-image size-full"><img loading="lazy" decoding="async" width="300" height="300" src="http://192.168.56.101/wp-content/uploads/2021/09/618c929a0db3ca520a46f79c51513400.jpg" alt="" class="wp-image-115" srcset="https://www.akm-koblenz.de/wp-content/uploads/2021/09/618c929a0db3ca520a46f79c51513400.jpg 300w, https://www.akm-koblenz.de/wp-content/uploads/2021/09/618c929a0db3ca520a46f79c51513400-200x200.jpg 200w, https://www.akm-koblenz.de/wp-content/uploads/2021/09/618c929a0db3ca520a46f79c51513400-100x100.jpg 100w" sizes="auto, (max-width: 300px) 100vw, 300px" /></figure>
</div>
</div>



<h2 class="wp-block-heading">Einzelausstellungen (Auswahl ab 2009)</h2>



<figure class="wp-block-table is-style-stripes"><table><tbody><tr><td>2012</td><td>Landschaftshäuser, mit Vortrag an der TU Dresden</td></tr><tr><td>2011</td><td>Landschaftshäuser, Galerie Waidspaicher, Erfurt</td></tr><tr><td>2010</td><td>Internationale Zeichnung, mit Ward Zwart, Galerie Streitenfeld, Oberursel<br>Zu Gast beim Künstlerstammtisch, Pfalzgalerie, Kaiserslautern<br>Landschaftshäuser, Architekturgalerie Kaiserslautern</td></tr><tr><td>2009</td><td>Landschaftshäuser, im Kreishaus Neuwied, Einführung Frau Dr. Liselotte Kaulbach<br>Landschaftshäuser 36 x 48, im Haus 1, Berlin, Einführung Dr. Andreas Schätzke</td></tr></tbody></table></figure>



<h2 class="wp-block-heading">Ausstellungsbeteiligungen (Auswahl ab 2002)</h2>



<figure class="wp-block-table is-style-stripes"><table><tbody><tr><td>2013</td><td>Zentrum Baukultur, mit Hannelore König, Mainz</td></tr><tr><td>2012</td><td>Neumitglieder der AKM, Künstlerhaus Metternich, Koblenz<br>Plane and Solid, AG Gallery, New York</td></tr><tr><td>2010</td><td>Jahresausstellung, Roentgenmuseum Neuwied<br>Kunst und Architektur, anlässlich der PLAN10, mit Rob Voerman, Phillip Hennevogl,<br>im Kunsthaus Lempertz, Köln<br>Konzept-Natur, Galerie P13, Heidelberg<br>Sehnsucht, im Deutschen Pavillon bei der Architekturbiennale Venedig</td></tr><tr><td>2008</td><td>Träume vom Wohnen, Forum für Kunst und Architektur, Essen</td></tr><tr><td>seit 2009</td><td>Teilnahme an der Jahresausstellung form+farbe, AKM Künstlerhaus Metternich, Koblenz</td></tr><tr><td></td><td></td></tr></tbody></table></figure>



<h2 class="wp-block-heading">Lebt und arbeitet in:</h2>



<p>Richard-Wagner-Ring 12c • 67227 Frankenthal<br>Mobil: 0176 &#8211; 76 78 0973 • <a href="mailto:denis_andernach@web.de" target="_blank" rel="noreferrer noopener">denis_andernach@web.de</a><br><a href="http://www.denis-andernbach.de" target="_blank" rel="noreferrer noopener">www.denis-andernach.de</a></p>



<p class="has-text-align-center">Guckhaus 2013, Tusche auf Papier, 62,5 x 48 cm</p>


<div class="wp-block-image">
<figure class="aligncenter size-large is-resized"><img decoding="async" src="https://www.interatmedia-content.de/z-leistung/cmstop/images/18ed4dd21fd45543135d56360369ce75.jpg" alt="" style="width:400px"/></figure></div>


<hr class="wp-block-separator has-css-opacity"/>



<p class="has-text-align-center">Stadtanalogie 2012, Tusche auf Papier, 62,5 x 48cm</p>


<div class="wp-block-image">
<figure class="aligncenter size-large is-resized"><img decoding="async" src="https://www.interatmedia-content.de/z-leistung/cmstop/images/1da47429459647173856de4445d7c64b.jpg" alt="" style="width:400px"/></figure></div>


<hr class="wp-block-separator has-css-opacity"/>



<p class="has-text-align-center">Unterhaus II 2012, Tusche auf Papier, 62,5 x 48cm</p>


<div class="wp-block-image">
<figure class="aligncenter size-large is-resized"><img decoding="async" src="https://www.interatmedia-content.de/z-leistung/cmstop/images/c07aca333472cc5bf1ea31fbffb9492b.jpg" alt="" style="width:400px"/></figure></div>

<p>1976 geboren in Neuwied 1997 &#8211; 2004 Studium der Architektur TU Kaiserslautern 2006 &#8211; 2012 wissenschaftlicher Mitarbeiter im Lehrgebiet Prof. Modersohn Baukonstruktionund Entwerfen 2012 Lehrauftrag Bauteilorientiertes Zeichnen an der TU Kaiserslautern 2012 Lehrauftrag Bauteilorientiertes Zeichnen an der TU Kaiserslautern seit 2007 eigenes Architekturbüro, Bau Eins Architekten Einzelausstellungen (Auswahl ab 2009) 2012 Landschaftshäuser, mit Vortrag an &hellip; </p>
<p class="link-more"><a href="https://www.akm-koblenz.de/index.php/mitglieder/denis-andernach/" class="more-link">Continue reading<span class="screen-reader-text"> &#8220;Denis Andernach&#8221;</span></a></p>
