{"id":675,"date":"2022-06-26T14:46:08","date_gmt":"2022-06-26T13:46:08","guid":{"rendered":"https:\/\/www.akm-koblenz.de\/?page_id=675"},"modified":"2022-06-27T22:39:44","modified_gmt":"2022-06-27T21:39:44","slug":"matthias-strugalla","status":"publish","type":"page","link":"https:\/\/www.akm-koblenz.de\/index.php\/mitglieder\/matthias-strugalla\/","title":{"rendered":"MATTHIAS STRUGALLA"},"content":{"rendered":"\n<div class=\"wp-block-columns is-layout-flex wp-container-core-columns-is-layout-1 wp-block-columns-is-layout-flex\">\n<div class=\"wp-block-column is-layout-flow wp-block-column-is-layout-flow\" style=\"flex-basis:66.66%\">\n<figure class=\"wp-block-table is-style-stripes\"><table><tbody><tr><td> 1948 geboren in Auerbach\/Vogtland<\/td><\/tr><tr><td>Studium an der Universit\u00e4t Mainz: Kunst- u. Werkerziehung, Kunstgeschichte,<br>Philosophie u. Germanistik<\/td><\/tr><tr><td>K\u00fcnstlerische Lehrt\u00e4tigkeit<\/td><\/tr><tr><td>1993-95 Sprecher der AG RLP &#8211; Kunstvereine<\/td><\/tr><tr><td>Kuratorische T\u00e4tigkeit<\/td><\/tr><tr><td>Textbeitr\u00e4ge zur aktuellen Kunst und zur Kunstgeschichte in Zeitungen und Katalogen<\/td><\/tr><tr><td>Arbeitsschwerpunkt: Zeichnung und Druckgrafik<\/td><\/tr><\/tbody><\/table><\/figure>\n<\/div>\n\n\n\n<div class=\"wp-block-column is-layout-flow wp-block-column-is-layout-flow\" style=\"flex-basis:33.33%\">\n<figure class=\"wp-block-image size-full wp-duotone-000000-ffffff-1\"><img loading=\"lazy\" decoding=\"async\" width=\"815\" height=\"838\" src=\"https:\/\/www.akm-koblenz.de\/wp-content\/uploads\/2022\/06\/strugalla_matthias.jpg\" alt=\"\" class=\"wp-image-676\" srcset=\"https:\/\/www.akm-koblenz.de\/wp-content\/uploads\/2022\/06\/strugalla_matthias.jpg 815w, https:\/\/www.akm-koblenz.de\/wp-content\/uploads\/2022\/06\/strugalla_matthias-292x300.jpg 292w, https:\/\/www.akm-koblenz.de\/wp-content\/uploads\/2022\/06\/strugalla_matthias-768x790.jpg 768w\" sizes=\"auto, (max-width: 706px) 89vw, (max-width: 767px) 82vw, 740px\" \/><\/figure>\n<\/div>\n<\/div>\n\n\n\n<p>Studienreisen u.a. nach Marokko, Norwegen (Arbeitsstipendium Oslo und Misterdalen),<br>USA (Arbeitsaufenthalt in New York und Neuengland), Island (Arbeitsaufenthalt in H\u00f6fn).<\/p>\n\n\n\n<p><a href=\"http:\/\/kunstportal-pfalz.de\" target=\"_blank\" rel=\"noreferrer noopener\">kunstportal-pfalz.de<\/a><\/p>\n\n\n\n<h2 class=\"wp-block-heading\">Mitgliedschaften<\/h2>\n\n\n\n<figure class=\"wp-block-table is-style-stripes\"><table><tbody><tr><td>Kunst und Kultur Pirmasens e.V.<\/td><\/tr><tr><td>Gesellschaft f\u00fcr Bildende Kunst (GB Kunst), Trier<\/td><\/tr><tr><td>Berufsverband Bildender K\u00fcnstlerinnen und K\u00fcnstler Rheinland-Pfalz (BBK RLP)<\/td><\/tr><tr><td>Arbeitsgemeinschaft Bildender K\u00fcnstler am Mittelrhein (AKM)<\/td><\/tr><tr><td>Arbeitsgemeinschaft Pf\u00e4lzer K\u00fcnstler (APK)<\/td><\/tr><\/tbody><\/table><\/figure>\n\n\n\n<h2 class=\"wp-block-heading\">Einzelausstellung (Auswahl)<\/h2>\n\n\n\n<figure class=\"wp-block-table is-style-stripes\"><table><tbody><tr><td>Landtag RLP, Mainz<\/td><\/tr><tr><td>Parkgalerie Zweibr\u00fccken<\/td><\/tr><tr><td>Kreishaus Osnabr\u00fcck<\/td><\/tr><tr><td>Saarl\u00e4ndisches K\u00fcnstlerhaus, Saarbr\u00fccken<\/td><\/tr><tr><td>Tufa, Trier<\/td><\/tr><tr><td>Stadt u. Kunstverein Pirmasens<\/td><\/tr><tr><td>Galerie Albin Upp, Oslo, Norwegen<\/td><\/tr><tr><td>Galerie Dis, Maastricht, Niederlande<\/td><\/tr><tr><td>Galerie im Kuba, Saarbr\u00fccken<\/td><\/tr><tr><td>Kreisgalerie, Dahn<\/td><\/tr><tr><td>Kahnweilerhaus und Museum Pachen Rockenhausen<\/td><\/tr><tr><td>G\u00f6ltzschtalgalerie, Auerbach<\/td><\/tr><tr><td>Collegium Oecumenicum, Bamberg<\/td><\/tr><tr><td>Kloster Karthaus, Konz<\/td><\/tr><tr><td>Kunstraum Vincke-Liepmann, Heidelberg<\/td><\/tr><tr><td>St\u00e4dtische Galerie, Speyer<\/td><\/tr><tr><td>Christuskirche, Frankenthal<\/td><\/tr><tr><td>Metternichhaus, Koblenz<\/td><\/tr><tr><td>Zehntscheune, Jockgrim<\/td><\/tr><\/tbody><\/table><\/figure>\n\n\n\n<h2 class=\"wp-block-heading\">Ausstellungsbeteiligungen (Auswahl)<\/h2>\n\n\n\n<p>Bad-Kreuznach, Pirmasens. Insheim, F. Kaiserslautern. Zwickau. D\u00fcsseldorf. Nettersheim. Pr\u00fcm. Trier. Jockgrim. Bad Iburg. Vianden, Lux. Saarbr\u00fccken. Mainz. Landau. Koblenz. Germersheim. Neustadt\/W. Poissy, F. Frankenthal. Speyer.<\/p>\n\n\n\n<h2 class=\"wp-block-heading\">Literatur<\/h2>\n\n\n\n<figure class=\"wp-block-table is-style-stripes\"><table><tbody><tr><td>2007<\/td><td>Saarl\u00e4ndisches K\u00fcnstlerhaus, Matthias Strugalla \/ Fragile Gewissheiten, Saarbr\u00fccken<\/td><\/tr><tr><td>2016<\/td><td>Alfred Behrens und Matthias Strugalla \/ Schatten, Hrsg. Gerhard Reinert und Hedda Wilms, Berlin<\/td><\/tr><tr><td>2017<\/td><td>Matthias Strugalla, Zeichnungen 2012 &#8211; 2017, Kerber Verlag, Bielefeld \/ Berlin<\/td><\/tr><tr><td>2018<\/td><td>Stadt Pirmasens, Landgang und Luftsprung &#8211; die Malerin Irmgard Weber und der Zeichner Matthias Strugalla, Pirmasens<\/td><\/tr><tr><td>2019<\/td><td>Matthias Strugalla, Zwei Zeichenserien zu Hugo Ball, in: Hugo Ball Almanach 2019, edition text und kritik, M\u00fcnchen<\/td><\/tr><\/tbody><\/table><\/figure>\n\n\n\n<p class=\"has-text-align-center\">Vom Pilgerweg, 2019, Grafit, Tusche und Acryl auf Papier, 84 x 59,4 cm<\/p>\n\n\n\n<div class=\"wp-block-image\"><figure class=\"aligncenter size-large is-resized\"><img decoding=\"async\" src=\"https:\/\/www.akm-koblenz.de\/wp-content\/uploads\/2022\/06\/M.Strugalla-Vom-Pilgerweg2019-2019-719x1024.jpg\" alt=\"\" class=\"wp-image-678\" width=\"400\" srcset=\"https:\/\/www.akm-koblenz.de\/wp-content\/uploads\/2022\/06\/M.Strugalla-Vom-Pilgerweg2019-2019-719x1024.jpg 719w, https:\/\/www.akm-koblenz.de\/wp-content\/uploads\/2022\/06\/M.Strugalla-Vom-Pilgerweg2019-2019-211x300.jpg 211w, https:\/\/www.akm-koblenz.de\/wp-content\/uploads\/2022\/06\/M.Strugalla-Vom-Pilgerweg2019-2019-768x1094.jpg 768w, https:\/\/www.akm-koblenz.de\/wp-content\/uploads\/2022\/06\/M.Strugalla-Vom-Pilgerweg2019-2019-1078x1536.jpg 1078w, https:\/\/www.akm-koblenz.de\/wp-content\/uploads\/2022\/06\/M.Strugalla-Vom-Pilgerweg2019-2019-1437x2048.jpg 1437w, https:\/\/www.akm-koblenz.de\/wp-content\/uploads\/2022\/06\/M.Strugalla-Vom-Pilgerweg2019-2019-scaled.jpg 1796w\" sizes=\"(max-width: 719px) 100vw, 719px\" \/><\/figure><\/div>\n\n\n\n<p class=\"has-text-align-center\">Osman, 2021, Grafit und Tusche af Papier, 70 x 50 cm<\/p>\n\n\n\n<div class=\"wp-block-image\"><figure class=\"aligncenter size-large is-resized\"><img decoding=\"async\" src=\"https:\/\/www.akm-koblenz.de\/wp-content\/uploads\/2022\/06\/DSC_4558-741x1024.jpg\" alt=\"\" class=\"wp-image-679\" width=\"400\" srcset=\"https:\/\/www.akm-koblenz.de\/wp-content\/uploads\/2022\/06\/DSC_4558-741x1024.jpg 741w, https:\/\/www.akm-koblenz.de\/wp-content\/uploads\/2022\/06\/DSC_4558-217x300.jpg 217w, https:\/\/www.akm-koblenz.de\/wp-content\/uploads\/2022\/06\/DSC_4558-768x1061.jpg 768w, https:\/\/www.akm-koblenz.de\/wp-content\/uploads\/2022\/06\/DSC_4558-1112x1536.jpg 1112w, https:\/\/www.akm-koblenz.de\/wp-content\/uploads\/2022\/06\/DSC_4558-1482x2048.jpg 1482w, https:\/\/www.akm-koblenz.de\/wp-content\/uploads\/2022\/06\/DSC_4558-scaled.jpg 1853w\" sizes=\"(max-width: 706px) 89vw, (max-width: 767px) 82vw, 740px\" \/><\/figure><\/div>\n\n\n\n<p class=\"has-text-align-center\">Im Fluss, 2020, Acryl auf Leinwand, 100 x 150 cm<\/p>\n\n\n\n<div class=\"wp-block-image\"><figure class=\"aligncenter size-large is-resized\"><img decoding=\"async\" src=\"https:\/\/www.akm-koblenz.de\/wp-content\/uploads\/2022\/06\/21.-Im-Fluss-2020-Matthias-Strugalla-Foto-Irmgard-Weber-1024x674.jpg\" alt=\"\" class=\"wp-image-680\" width=\"400\" srcset=\"https:\/\/www.akm-koblenz.de\/wp-content\/uploads\/2022\/06\/21.-Im-Fluss-2020-Matthias-Strugalla-Foto-Irmgard-Weber-1024x674.jpg 1024w, https:\/\/www.akm-koblenz.de\/wp-content\/uploads\/2022\/06\/21.-Im-Fluss-2020-Matthias-Strugalla-Foto-Irmgard-Weber-300x197.jpg 300w, https:\/\/www.akm-koblenz.de\/wp-content\/uploads\/2022\/06\/21.-Im-Fluss-2020-Matthias-Strugalla-Foto-Irmgard-Weber-768x505.jpg 768w, https:\/\/www.akm-koblenz.de\/wp-content\/uploads\/2022\/06\/21.-Im-Fluss-2020-Matthias-Strugalla-Foto-Irmgard-Weber-1536x1011.jpg 1536w, https:\/\/www.akm-koblenz.de\/wp-content\/uploads\/2022\/06\/21.-Im-Fluss-2020-Matthias-Strugalla-Foto-Irmgard-Weber-2048x1348.jpg 2048w\" sizes=\"(max-width: 706px) 89vw, (max-width: 767px) 82vw, 740px\" \/><\/figure><\/div>\n\n\n\n<p><\/p>\n","protected":false},"excerpt":{"rendered":"<p>1948 geboren in Auerbach\/Vogtland Studium an der Universit\u00e4t Mainz: Kunst- u. Werkerziehung, Kunstgeschichte,Philosophie u. Germanistik K\u00fcnstlerische Lehrt\u00e4tigkeit 1993-95 Sprecher der AG RLP &#8211; Kunstvereine Kuratorische T\u00e4tigkeit Textbeitr\u00e4ge zur aktuellen Kunst und zur Kunstgeschichte in Zeitungen und Katalogen Arbeitsschwerpunkt: Zeichnung und Druckgrafik Studienreisen u.a. nach Marokko, Norwegen (Arbeitsstipendium Oslo und Misterdalen),USA (Arbeitsaufenthalt in New York und &hellip; <\/p>\n<p class=\"link-more\"><a href=\"https:\/\/www.akm-koblenz.de\/index.php\/mitglieder\/matthias-strugalla\/\" class=\"more-link\">Continue reading<span class=\"screen-reader-text\"> &#8220;MATTHIAS STRUGALLA&#8221;<\/span><\/a><\/p>\n","protected":false},"author":1,"featured_media":0,"parent":92,"menu_order":0,"comment_status":"closed","ping_status":"closed","template":"","meta":{"footnotes":""},"class_list":["post-675","page","type-page","status-publish","hentry"],"_links":{"self":[{"href":"https:\/\/www.akm-koblenz.de\/index.php\/wp-json\/wp\/v2\/pages\/675","targetHints":{"allow":["GET"]}}],"collection":[{"href":"https:\/\/www.akm-koblenz.de\/index.php\/wp-json\/wp\/v2\/pages"}],"about":[{"href":"https:\/\/www.akm-koblenz.de\/index.php\/wp-json\/wp\/v2\/types\/page"}],"author":[{"embeddable":true,"href":"https:\/\/www.akm-koblenz.de\/index.php\/wp-json\/wp\/v2\/users\/1"}],"replies":[{"embeddable":true,"href":"https:\/\/www.akm-koblenz.de\/index.php\/wp-json\/wp\/v2\/comments?post=675"}],"version-history":[{"count":7,"href":"https:\/\/www.akm-koblenz.de\/index.php\/wp-json\/wp\/v2\/pages\/675\/revisions"}],"predecessor-version":[{"id":690,"href":"https:\/\/www.akm-koblenz.de\/index.php\/wp-json\/wp\/v2\/pages\/675\/revisions\/690"}],"up":[{"embeddable":true,"href":"https:\/\/www.akm-koblenz.de\/index.php\/wp-json\/wp\/v2\/pages\/92"}],"wp:attachment":[{"href":"https:\/\/www.akm-koblenz.de\/index.php\/wp-json\/wp\/v2\/media?parent=675"}],"curies":[{"name":"wp","href":"https:\/\/api.w.org\/{rel}","templated":true}]}}