{"id":622,"date":"2022-05-15T12:58:05","date_gmt":"2022-05-15T11:58:05","guid":{"rendered":"https:\/\/www.akm-koblenz.de\/?page_id=622"},"modified":"2023-06-23T10:12:34","modified_gmt":"2023-06-23T09:12:34","slug":"hitorie","status":"publish","type":"page","link":"https:\/\/www.akm-koblenz.de\/index.php\/hitorie\/","title":{"rendered":"Historie"},"content":{"rendered":"\n<div class=\"wp-block-image\"><figure class=\"aligncenter size-full\"><img loading=\"lazy\" decoding=\"async\" width=\"366\" height=\"524\" src=\"https:\/\/www.akm-koblenz.de\/wp-content\/uploads\/2022\/05\/1-13.jpg\" alt=\"\" class=\"wp-image-623\" srcset=\"https:\/\/www.akm-koblenz.de\/wp-content\/uploads\/2022\/05\/1-13.jpg 366w, https:\/\/www.akm-koblenz.de\/wp-content\/uploads\/2022\/05\/1-13-210x300.jpg 210w\" sizes=\"auto, (max-width: 366px) 100vw, 366px\" \/><\/figure><\/div>\n\n\n\n<p>Die Arbeitsgemeinschaft bildender K\u00fcnstler am Mittelrhein konnte im Jahr 2013 bereits ihr 65-j\u00e4hriges Jubil\u00e4um feiern und geh\u00f6rt damit zu den \u00e4ltesten K\u00fcnstlervereinigungen in Rheinland-Pfalz.<br>Gegr\u00fcndet wurde die AKM 1948 in Koblenz durch den Bildhauer und Kunsthistoriker Prof. Dr. Ludwig Thormaehlen und den Maler Hans Dornbach.<br>Diese beiden bekannten K\u00fcnstlerpers\u00f6nlichkeiten hatten es sich zur Aufgabe gemacht, die K\u00fcnstlerkollegen in der \u00e4u\u00dferst schwierigen Situation direkt nach dem 2. Weltkrieg zu unterst\u00fctzen und zu f\u00f6rdern. Viele K\u00fcnstler schlossen sich der Gruppe an und so geh\u00f6rte die AKM schon sehr bald zu den bedeutendsten Vereinigungen ihrer Art im mittelrheinischen Raum.<br>Ihre Ziele lagen neben der Organisation von Kunstausstellungen auch darin geeignete Atelier- und Wohnr\u00e4ume zur Verf\u00fcgung stellen zu k\u00f6nnen, um die Not der K\u00fcnstler zu mildern und die k\u00fcnstlerische Arbeit zu erleichtern.<br>Nach intensiven Bem\u00fchungen und z\u00e4hem Ringen konnte schlie\u00dflich auf Initiative des damaligen 1. Vorsitzenden der AKM, Hans Dornbach, im Fr\u00fchjahr 1950 die K\u00fcnstlersiedlung auf dem Asterstein in Koblenz offiziell durch die Landesregierung er\u00f6ffnet werden.<br>Ein Teil der R\u00e4umlichkeiten wurde an bereits etablierte K\u00fcnstler vermietet und zwei Atelierwohnungen wurden als Stipendien f\u00fcr jeweils ein Jahr vergeben.<\/p>\n\n\n\n<p>Die AKM verstand sich von Anfang an als freie K\u00fcnstlergruppe, die nicht an besondere Stilrichtungen gebunden war.<br>So hei\u00dft es im ersten Katalog von 1949: \u201eDie Arbeitsgemeinschaft bildender K\u00fcnstler am Mittelrhein ist der freie Zusammenschlu\u00df einiger zwanzig Maler und Bildhauer des Hunsr\u00fccks, der Eifel und des Westerwaldes, um gemeinsam auszustellen. Sie umschlie\u00dft drei Generationen. Ihre Bindung beruht auf gegenseitiger Wertsch\u00e4tzung.\u201c<\/p>\n\n\n\n<p>Der ersten Ausstellung 1949 in der Alten Burg in Koblenz folgten regelm\u00e4\u00dfig weitere an unterschiedlichen Standorten: in einem Pavillion in der Mainzer Stra\u00dfe, in der \u201eGalerie Paradies\u201c am M\u00fcnzplatz und ab 1955 regelm\u00e4\u00dfig im Kurf\u00fcrstlichen Schloss und im Mittelrhein-Museum.<br>Ab 1964 finden die Ausstellungen im K\u00fcnstlerhaus Metternich in Koblenz statt.<\/p>\n\n\n\n<p>Die AKM leistet seit der Zeit ihres Bestehens ihren kontinuierlichen Beitrag zur F\u00f6rderung zeitgen\u00f6ssischer K\u00fcnstler in Koblenz.<br>Das Ziel der Gruppe ist es, gestern wie heute, neben der Pr\u00e4sentation der K\u00fcnstler der Gruppe ebenfalls G\u00e4ste aus dem In- und Ausland einzubinden, herausragende K\u00fcnstlerpers\u00f6nlichkeiten und junge Talente zu entdecken und zu f\u00f6rdern, um damit eine hohe Qualit\u00e4t der Ausstellungen zu gew\u00e4hrleisten.<\/p>\n","protected":false},"excerpt":{"rendered":"<p>Die Arbeitsgemeinschaft bildender K\u00fcnstler am Mittelrhein konnte im Jahr 2013 bereits ihr 65-j\u00e4hriges Jubil\u00e4um feiern und geh\u00f6rt damit zu den \u00e4ltesten K\u00fcnstlervereinigungen in Rheinland-Pfalz.Gegr\u00fcndet wurde die AKM 1948 in Koblenz durch den Bildhauer und Kunsthistoriker Prof. Dr. Ludwig Thormaehlen und den Maler Hans Dornbach.Diese beiden bekannten K\u00fcnstlerpers\u00f6nlichkeiten hatten es sich zur Aufgabe gemacht, die K\u00fcnstlerkollegen &hellip; <\/p>\n<p class=\"link-more\"><a href=\"https:\/\/www.akm-koblenz.de\/index.php\/hitorie\/\" class=\"more-link\">Continue reading<span class=\"screen-reader-text\"> &#8220;Historie&#8221;<\/span><\/a><\/p>\n","protected":false},"author":1,"featured_media":0,"parent":0,"menu_order":0,"comment_status":"closed","ping_status":"closed","template":"","meta":{"footnotes":""},"class_list":["post-622","page","type-page","status-publish","hentry"],"_links":{"self":[{"href":"https:\/\/www.akm-koblenz.de\/index.php\/wp-json\/wp\/v2\/pages\/622","targetHints":{"allow":["GET"]}}],"collection":[{"href":"https:\/\/www.akm-koblenz.de\/index.php\/wp-json\/wp\/v2\/pages"}],"about":[{"href":"https:\/\/www.akm-koblenz.de\/index.php\/wp-json\/wp\/v2\/types\/page"}],"author":[{"embeddable":true,"href":"https:\/\/www.akm-koblenz.de\/index.php\/wp-json\/wp\/v2\/users\/1"}],"replies":[{"embeddable":true,"href":"https:\/\/www.akm-koblenz.de\/index.php\/wp-json\/wp\/v2\/comments?post=622"}],"version-history":[{"count":3,"href":"https:\/\/www.akm-koblenz.de\/index.php\/wp-json\/wp\/v2\/pages\/622\/revisions"}],"predecessor-version":[{"id":847,"href":"https:\/\/www.akm-koblenz.de\/index.php\/wp-json\/wp\/v2\/pages\/622\/revisions\/847"}],"wp:attachment":[{"href":"https:\/\/www.akm-koblenz.de\/index.php\/wp-json\/wp\/v2\/media?parent=622"}],"curies":[{"name":"wp","href":"https:\/\/api.w.org\/{rel}","templated":true}]}}

<div class="wp-block-image"><figure class="aligncenter size-full"><img loading="lazy" decoding="async" width="366" height="524" src="https://www.akm-koblenz.de/wp-content/uploads/2022/05/1-13.jpg" alt="" class="wp-image-623" srcset="https://www.akm-koblenz.de/wp-content/uploads/2022/05/1-13.jpg 366w, https://www.akm-koblenz.de/wp-content/uploads/2022/05/1-13-210x300.jpg 210w" sizes="auto, (max-width: 366px) 100vw, 366px" /></figure></div>



<p>Die Arbeitsgemeinschaft bildender Künstler am Mittelrhein konnte im Jahr 2013 bereits ihr 65-jähriges Jubiläum feiern und gehört damit zu den ältesten Künstlervereinigungen in Rheinland-Pfalz.<br>Gegründet wurde die AKM 1948 in Koblenz durch den Bildhauer und Kunsthistoriker Prof. Dr. Ludwig Thormaehlen und den Maler Hans Dornbach.<br>Diese beiden bekannten Künstlerpersönlichkeiten hatten es sich zur Aufgabe gemacht, die Künstlerkollegen in der äußerst schwierigen Situation direkt nach dem 2. Weltkrieg zu unterstützen und zu fördern. Viele Künstler schlossen sich der Gruppe an und so gehörte die AKM schon sehr bald zu den bedeutendsten Vereinigungen ihrer Art im mittelrheinischen Raum.<br>Ihre Ziele lagen neben der Organisation von Kunstausstellungen auch darin geeignete Atelier- und Wohnräume zur Verfügung stellen zu können, um die Not der Künstler zu mildern und die künstlerische Arbeit zu erleichtern.<br>Nach intensiven Bemühungen und zähem Ringen konnte schließlich auf Initiative des damaligen 1. Vorsitzenden der AKM, Hans Dornbach, im Frühjahr 1950 die Künstlersiedlung auf dem Asterstein in Koblenz offiziell durch die Landesregierung eröffnet werden.<br>Ein Teil der Räumlichkeiten wurde an bereits etablierte Künstler vermietet und zwei Atelierwohnungen wurden als Stipendien für jeweils ein Jahr vergeben.</p>



<p>Die AKM verstand sich von Anfang an als freie Künstlergruppe, die nicht an besondere Stilrichtungen gebunden war.<br>So heißt es im ersten Katalog von 1949: „Die Arbeitsgemeinschaft bildender Künstler am Mittelrhein ist der freie Zusammenschluß einiger zwanzig Maler und Bildhauer des Hunsrücks, der Eifel und des Westerwaldes, um gemeinsam auszustellen. Sie umschließt drei Generationen. Ihre Bindung beruht auf gegenseitiger Wertschätzung.“</p>



<p>Der ersten Ausstellung 1949 in der Alten Burg in Koblenz folgten regelmäßig weitere an unterschiedlichen Standorten: in einem Pavillion in der Mainzer Straße, in der „Galerie Paradies“ am Münzplatz und ab 1955 regelmäßig im Kurfürstlichen Schloss und im Mittelrhein-Museum.<br>Ab 1964 finden die Ausstellungen im Künstlerhaus Metternich in Koblenz statt.</p>



<p>Die AKM leistet seit der Zeit ihres Bestehens ihren kontinuierlichen Beitrag zur Förderung zeitgenössischer Künstler in Koblenz.<br>Das Ziel der Gruppe ist es, gestern wie heute, neben der Präsentation der Künstler der Gruppe ebenfalls Gäste aus dem In- und Ausland einzubinden, herausragende Künstlerpersönlichkeiten und junge Talente zu entdecken und zu fördern, um damit eine hohe Qualität der Ausstellungen zu gewährleisten.</p>

<p>Die Arbeitsgemeinschaft bildender Künstler am Mittelrhein konnte im Jahr 2013 bereits ihr 65-jähriges Jubiläum feiern und gehört damit zu den ältesten Künstlervereinigungen in Rheinland-Pfalz.Gegründet wurde die AKM 1948 in Koblenz durch den Bildhauer und Kunsthistoriker Prof. Dr. Ludwig Thormaehlen und den Maler Hans Dornbach.Diese beiden bekannten Künstlerpersönlichkeiten hatten es sich zur Aufgabe gemacht, die Künstlerkollegen &hellip; </p>
<p class="link-more"><a href="https://www.akm-koblenz.de/index.php/hitorie/" class="more-link">Continue reading<span class="screen-reader-text"> &#8220;Historie&#8221;</span></a></p>
