{"id":544,"date":"2022-05-01T07:54:23","date_gmt":"2022-05-01T06:54:23","guid":{"rendered":"https:\/\/www.akm-koblenz.de\/?page_id=544"},"modified":"2022-05-01T07:54:23","modified_gmt":"2022-05-01T06:54:23","slug":"heiner-thiel","status":"publish","type":"page","link":"https:\/\/www.akm-koblenz.de\/index.php\/mitglieder\/heiner-thiel\/","title":{"rendered":"HEINER THIEL"},"content":{"rendered":"\n<div class=\"wp-block-columns is-layout-flex wp-container-core-columns-is-layout-1 wp-block-columns-is-layout-flex\">\n<div class=\"wp-block-column is-layout-flow wp-block-column-is-layout-flow\" style=\"flex-basis:66.66%\">\n<figure class=\"wp-block-table is-style-stripes\"><table><tbody><tr><td>1957<\/td><td>geboren in Bernkastel-Kues<\/td><\/tr><tr><td>1978 &#8211; 1982<\/td><td>Studium der bildenden Kunst und Kunstgeschichte an der<br>Johannes Gutenberg-Universit\u00e4t Mainz<\/td><\/tr><tr><td>1983 &#8211; 1985<br><\/td><td>Studium an der Staatlichen Hochschule f\u00fcr Bildende K\u00fcnste,<br>St\u00e4delschule Frankfurt am Main, (Bildhauerklasse Prof. M. Croissant)<\/td><\/tr><tr><td>1987 + 1996<\/td><td>Lehrauftrag an der California-State -University Chico (USA)<\/td><\/tr><tr><td>2013 &#8211; 2019<\/td><td>Kurator der Ausstellung Embodying Colour<br>in der Kunsthalle Wiesbaden, mit Michael Post<\/td><\/tr><\/tbody><\/table><\/figure>\n<\/div>\n\n\n\n<div class=\"wp-block-column is-layout-flow wp-block-column-is-layout-flow\" style=\"flex-basis:33.33%\">\n<figure class=\"wp-block-image size-full\"><img loading=\"lazy\" decoding=\"async\" width=\"960\" height=\"960\" src=\"https:\/\/www.akm-koblenz.de\/wp-content\/uploads\/2022\/05\/thiel.jpg\" alt=\"\" class=\"wp-image-545\" srcset=\"https:\/\/www.akm-koblenz.de\/wp-content\/uploads\/2022\/05\/thiel.jpg 960w, https:\/\/www.akm-koblenz.de\/wp-content\/uploads\/2022\/05\/thiel-300x300.jpg 300w, https:\/\/www.akm-koblenz.de\/wp-content\/uploads\/2022\/05\/thiel-200x200.jpg 200w, https:\/\/www.akm-koblenz.de\/wp-content\/uploads\/2022\/05\/thiel-768x768.jpg 768w, https:\/\/www.akm-koblenz.de\/wp-content\/uploads\/2022\/05\/thiel-100x100.jpg 100w\" sizes=\"auto, (max-width: 706px) 89vw, (max-width: 767px) 82vw, 740px\" \/><\/figure>\n<\/div>\n<\/div>\n\n\n\n<h2 class=\"wp-block-heading\">F\u00f6rderpreise und Stipendien<\/h2>\n\n\n\n<figure class=\"wp-block-table is-style-stripes\"><table><tbody><tr><td>1998<\/td><td>Balmoral-Stipendium des Landes Rheinland-Pfalz<\/td><\/tr><tr><td>1988<\/td><td>1. Preis, F\u00f6rderpreis junge K\u00fcnstler der Saar-Ferngas AG, Saarbr\u00fccken<\/td><\/tr><tr><td>1986<\/td><td>F\u00f6rderpreis des Landes Rheinland-Pfalz<\/td><\/tr><tr><td>1985<\/td><td>F\u00f6rderpreis f\u00fcr bildende K\u00fcnstler der Stadt Mainz<\/td><\/tr><\/tbody><\/table><\/figure>\n\n\n\n<h2 class=\"wp-block-heading\">Mitgliedschaften<\/h2>\n\n\n\n<figure class=\"wp-block-table is-style-stripes\"><table><tbody><tr><td>seit 1998<\/td><td>Darmst\u00e4dter Sezession<\/td><\/tr><tr><td>seit 2000<\/td><td>AKM, Arbeitsgemeinschaft Bildender K\u00fcnstler am Mittelrhein, Koblenz<\/td><\/tr><\/tbody><\/table><\/figure>\n\n\n\n<h2 class=\"wp-block-heading\">Arbeiten in \u00f6ffentlichen Sammlungen (Auswahl)<\/h2>\n\n\n\n<figure class=\"wp-block-table is-style-stripes\"><table><tbody><tr><td>Berlin<\/td><td>Kunstsammlung des deutschen Bundestags<\/td><\/tr><tr><td>Buffalo, New York (USA)<\/td><td>Albright-Knox-Gallery<\/td><\/tr><tr><td>Calgary\/Canada<\/td><td>The Foundation For Constructive Art, University of Calgary<\/td><\/tr><tr><td>Frankfurt am Main<\/td><td>Kunstsammlung der Deutschen Bank AG<br>Kunstsammlung der Kreditanstalt f\u00fcr Wiederaufbau<br>Kunstsammlung der deutschen Bundesbank<\/td><\/tr><tr><td>Ingolstadt<\/td><td>Museum f\u00fcr konkrete Kunst<\/td><\/tr><tr><td>Kaiserslautern<\/td><td>Pfalzgalerie<\/td><\/tr><tr><td>Mainz<\/td><td>Landesmuseum<br>Deutsche Bank AG<br>Ministerium f\u00fcr Bildung, Wissenschaft,<br>Weiterbildung und Kultur, Rheinland-Pfalz<br>St\u00e4dtische Kunstsammlung<br>Staatskanzlei<\/td><\/tr><tr><td>Mannheim<\/td><td>Kunsthalle<\/td><\/tr><tr><td>Scottsdale, Arizona (USA)<\/td><td>Scottsdale Museum of Contemporary Art<\/td><\/tr><tr><td>Wien (A)<\/td><td>Graphische Sammlung Albertina<\/td><\/tr><\/tbody><\/table><\/figure>\n\n\n\n<p>Seit 1976 zahlreiche Einzel &#8211; und Gruppenausstellungen im In- und Ausland<\/p>\n\n\n\n<h2 class=\"wp-block-heading\">Lebt und arbeitet in:<\/h2>\n\n\n\n<p>Uhlandstra\u00dfe 9 \u2022 65189 Wiesbaden<br>Tel.: 0611- 378310<br>heiner.thiel@heiner-thiel.de<br>https:\/\/heiner-thiel.de<\/p>\n\n\n\n<p class=\"has-text-align-center\">Ohne Titel (wvz715) 2020, Aluminium, eloxiert, Ocker 63 x 62 x 10 cm<\/p>\n\n\n\n<div class=\"wp-block-image\"><figure class=\"aligncenter size-full is-resized\"><img decoding=\"async\" src=\"https:\/\/www.akm-koblenz.de\/wp-content\/uploads\/2022\/05\/1-6.jpg\" alt=\"\" class=\"wp-image-546\" width=\"400\" srcset=\"https:\/\/www.akm-koblenz.de\/wp-content\/uploads\/2022\/05\/1-6.jpg 898w, https:\/\/www.akm-koblenz.de\/wp-content\/uploads\/2022\/05\/1-6-281x300.jpg 281w, https:\/\/www.akm-koblenz.de\/wp-content\/uploads\/2022\/05\/1-6-768x821.jpg 768w\" sizes=\"(max-width: 706px) 89vw, (max-width: 767px) 82vw, 740px\" \/><\/figure><\/div>\n\n\n\n<p class=\"has-text-align-center\">Ohne Titel (wvz724) 2020, Aluminium, eloxiert, grau 44 x 30 x 6 cm<\/p>\n\n\n\n<div class=\"wp-block-image\"><figure class=\"aligncenter size-full is-resized\"><img decoding=\"async\" src=\"https:\/\/www.akm-koblenz.de\/wp-content\/uploads\/2022\/05\/2-6.jpg\" alt=\"\" class=\"wp-image-547\" width=\"400\" srcset=\"https:\/\/www.akm-koblenz.de\/wp-content\/uploads\/2022\/05\/2-6.jpg 830w, https:\/\/www.akm-koblenz.de\/wp-content\/uploads\/2022\/05\/2-6-259x300.jpg 259w, https:\/\/www.akm-koblenz.de\/wp-content\/uploads\/2022\/05\/2-6-768x888.jpg 768w\" sizes=\"(max-width: 706px) 89vw, (max-width: 767px) 82vw, 740px\" \/><\/figure><\/div>\n\n\n\n<p class=\"has-text-align-center\">Ohne Titel (wvz659) 2017, Aluminium, eloxiert, blau 70 x 70 x 16 cm<\/p>\n\n\n\n<div class=\"wp-block-image\"><figure class=\"aligncenter size-full is-resized\"><img decoding=\"async\" src=\"https:\/\/www.akm-koblenz.de\/wp-content\/uploads\/2022\/05\/3-6.jpg\" alt=\"\" class=\"wp-image-548\" width=\"400\" srcset=\"https:\/\/www.akm-koblenz.de\/wp-content\/uploads\/2022\/05\/3-6.jpg 960w, https:\/\/www.akm-koblenz.de\/wp-content\/uploads\/2022\/05\/3-6-300x282.jpg 300w, https:\/\/www.akm-koblenz.de\/wp-content\/uploads\/2022\/05\/3-6-768x721.jpg 768w\" sizes=\"(max-width: 706px) 89vw, (max-width: 767px) 82vw, 740px\" \/><\/figure><\/div>\n","protected":false},"excerpt":{"rendered":"<p>1957 geboren in Bernkastel-Kues 1978 &#8211; 1982 Studium der bildenden Kunst und Kunstgeschichte an derJohannes Gutenberg-Universit\u00e4t Mainz 1983 &#8211; 1985 Studium an der Staatlichen Hochschule f\u00fcr Bildende K\u00fcnste,St\u00e4delschule Frankfurt am Main, (Bildhauerklasse Prof. M. Croissant) 1987 + 1996 Lehrauftrag an der California-State -University Chico (USA) 2013 &#8211; 2019 Kurator der Ausstellung Embodying Colourin der Kunsthalle &hellip; <\/p>\n<p class=\"link-more\"><a href=\"https:\/\/www.akm-koblenz.de\/index.php\/mitglieder\/heiner-thiel\/\" class=\"more-link\">Continue reading<span class=\"screen-reader-text\"> &#8220;HEINER THIEL&#8221;<\/span><\/a><\/p>\n","protected":false},"author":1,"featured_media":0,"parent":92,"menu_order":0,"comment_status":"closed","ping_status":"closed","template":"","meta":{"footnotes":""},"class_list":["post-544","page","type-page","status-publish","hentry"],"_links":{"self":[{"href":"https:\/\/www.akm-koblenz.de\/index.php\/wp-json\/wp\/v2\/pages\/544","targetHints":{"allow":["GET"]}}],"collection":[{"href":"https:\/\/www.akm-koblenz.de\/index.php\/wp-json\/wp\/v2\/pages"}],"about":[{"href":"https:\/\/www.akm-koblenz.de\/index.php\/wp-json\/wp\/v2\/types\/page"}],"author":[{"embeddable":true,"href":"https:\/\/www.akm-koblenz.de\/index.php\/wp-json\/wp\/v2\/users\/1"}],"replies":[{"embeddable":true,"href":"https:\/\/www.akm-koblenz.de\/index.php\/wp-json\/wp\/v2\/comments?post=544"}],"version-history":[{"count":1,"href":"https:\/\/www.akm-koblenz.de\/index.php\/wp-json\/wp\/v2\/pages\/544\/revisions"}],"predecessor-version":[{"id":549,"href":"https:\/\/www.akm-koblenz.de\/index.php\/wp-json\/wp\/v2\/pages\/544\/revisions\/549"}],"up":[{"embeddable":true,"href":"https:\/\/www.akm-koblenz.de\/index.php\/wp-json\/wp\/v2\/pages\/92"}],"wp:attachment":[{"href":"https:\/\/www.akm-koblenz.de\/index.php\/wp-json\/wp\/v2\/media?parent=544"}],"curies":[{"name":"wp","href":"https:\/\/api.w.org\/{rel}","templated":true}]}}

<div class="wp-block-columns is-layout-flex wp-container-core-columns-is-layout-1 wp-block-columns-is-layout-flex">
<div class="wp-block-column is-layout-flow wp-block-column-is-layout-flow" style="flex-basis:66.66%">
<figure class="wp-block-table is-style-stripes"><table><tbody><tr><td>1957</td><td>geboren in Bernkastel-Kues</td></tr><tr><td>1978 &#8211; 1982</td><td>Studium der bildenden Kunst und Kunstgeschichte an der<br>Johannes Gutenberg-Universität Mainz</td></tr><tr><td>1983 &#8211; 1985<br></td><td>Studium an der Staatlichen Hochschule für Bildende Künste,<br>Städelschule Frankfurt am Main, (Bildhauerklasse Prof. M. Croissant)</td></tr><tr><td>1987 + 1996</td><td>Lehrauftrag an der California-State -University Chico (USA)</td></tr><tr><td>2013 &#8211; 2019</td><td>Kurator der Ausstellung Embodying Colour<br>in der Kunsthalle Wiesbaden, mit Michael Post</td></tr></tbody></table></figure>
</div>



<div class="wp-block-column is-layout-flow wp-block-column-is-layout-flow" style="flex-basis:33.33%">
<figure class="wp-block-image size-full"><img loading="lazy" decoding="async" width="960" height="960" src="https://www.akm-koblenz.de/wp-content/uploads/2022/05/thiel.jpg" alt="" class="wp-image-545" srcset="https://www.akm-koblenz.de/wp-content/uploads/2022/05/thiel.jpg 960w, https://www.akm-koblenz.de/wp-content/uploads/2022/05/thiel-300x300.jpg 300w, https://www.akm-koblenz.de/wp-content/uploads/2022/05/thiel-200x200.jpg 200w, https://www.akm-koblenz.de/wp-content/uploads/2022/05/thiel-768x768.jpg 768w, https://www.akm-koblenz.de/wp-content/uploads/2022/05/thiel-100x100.jpg 100w" sizes="auto, (max-width: 706px) 89vw, (max-width: 767px) 82vw, 740px" /></figure>
</div>
</div>



<h2 class="wp-block-heading">Förderpreise und Stipendien</h2>



<figure class="wp-block-table is-style-stripes"><table><tbody><tr><td>1998</td><td>Balmoral-Stipendium des Landes Rheinland-Pfalz</td></tr><tr><td>1988</td><td>1. Preis, Förderpreis junge Künstler der Saar-Ferngas AG, Saarbrücken</td></tr><tr><td>1986</td><td>Förderpreis des Landes Rheinland-Pfalz</td></tr><tr><td>1985</td><td>Förderpreis für bildende Künstler der Stadt Mainz</td></tr></tbody></table></figure>



<h2 class="wp-block-heading">Mitgliedschaften</h2>



<figure class="wp-block-table is-style-stripes"><table><tbody><tr><td>seit 1998</td><td>Darmstädter Sezession</td></tr><tr><td>seit 2000</td><td>AKM, Arbeitsgemeinschaft Bildender Künstler am Mittelrhein, Koblenz</td></tr></tbody></table></figure>



<h2 class="wp-block-heading">Arbeiten in öffentlichen Sammlungen (Auswahl)</h2>



<figure class="wp-block-table is-style-stripes"><table><tbody><tr><td>Berlin</td><td>Kunstsammlung des deutschen Bundestags</td></tr><tr><td>Buffalo, New York (USA)</td><td>Albright-Knox-Gallery</td></tr><tr><td>Calgary/Canada</td><td>The Foundation For Constructive Art, University of Calgary</td></tr><tr><td>Frankfurt am Main</td><td>Kunstsammlung der Deutschen Bank AG<br>Kunstsammlung der Kreditanstalt für Wiederaufbau<br>Kunstsammlung der deutschen Bundesbank</td></tr><tr><td>Ingolstadt</td><td>Museum für konkrete Kunst</td></tr><tr><td>Kaiserslautern</td><td>Pfalzgalerie</td></tr><tr><td>Mainz</td><td>Landesmuseum<br>Deutsche Bank AG<br>Ministerium für Bildung, Wissenschaft,<br>Weiterbildung und Kultur, Rheinland-Pfalz<br>Städtische Kunstsammlung<br>Staatskanzlei</td></tr><tr><td>Mannheim</td><td>Kunsthalle</td></tr><tr><td>Scottsdale, Arizona (USA)</td><td>Scottsdale Museum of Contemporary Art</td></tr><tr><td>Wien (A)</td><td>Graphische Sammlung Albertina</td></tr></tbody></table></figure>



<p>Seit 1976 zahlreiche Einzel &#8211; und Gruppenausstellungen im In- und Ausland</p>



<h2 class="wp-block-heading">Lebt und arbeitet in:</h2>



<p>Uhlandstraße 9 • 65189 Wiesbaden<br>Tel.: 0611- 378310<br>heiner.thiel@heiner-thiel.de<br>https://heiner-thiel.de</p>



<p class="has-text-align-center">Ohne Titel (wvz715) 2020, Aluminium, eloxiert, Ocker 63 x 62 x 10 cm</p>



<div class="wp-block-image"><figure class="aligncenter size-full is-resized"><img decoding="async" src="https://www.akm-koblenz.de/wp-content/uploads/2022/05/1-6.jpg" alt="" class="wp-image-546" width="400" srcset="https://www.akm-koblenz.de/wp-content/uploads/2022/05/1-6.jpg 898w, https://www.akm-koblenz.de/wp-content/uploads/2022/05/1-6-281x300.jpg 281w, https://www.akm-koblenz.de/wp-content/uploads/2022/05/1-6-768x821.jpg 768w" sizes="(max-width: 706px) 89vw, (max-width: 767px) 82vw, 740px" /></figure></div>



<p class="has-text-align-center">Ohne Titel (wvz724) 2020, Aluminium, eloxiert, grau 44 x 30 x 6 cm</p>



<div class="wp-block-image"><figure class="aligncenter size-full is-resized"><img decoding="async" src="https://www.akm-koblenz.de/wp-content/uploads/2022/05/2-6.jpg" alt="" class="wp-image-547" width="400" srcset="https://www.akm-koblenz.de/wp-content/uploads/2022/05/2-6.jpg 830w, https://www.akm-koblenz.de/wp-content/uploads/2022/05/2-6-259x300.jpg 259w, https://www.akm-koblenz.de/wp-content/uploads/2022/05/2-6-768x888.jpg 768w" sizes="(max-width: 706px) 89vw, (max-width: 767px) 82vw, 740px" /></figure></div>



<p class="has-text-align-center">Ohne Titel (wvz659) 2017, Aluminium, eloxiert, blau 70 x 70 x 16 cm</p>



<div class="wp-block-image"><figure class="aligncenter size-full is-resized"><img decoding="async" src="https://www.akm-koblenz.de/wp-content/uploads/2022/05/3-6.jpg" alt="" class="wp-image-548" width="400" srcset="https://www.akm-koblenz.de/wp-content/uploads/2022/05/3-6.jpg 960w, https://www.akm-koblenz.de/wp-content/uploads/2022/05/3-6-300x282.jpg 300w, https://www.akm-koblenz.de/wp-content/uploads/2022/05/3-6-768x721.jpg 768w" sizes="(max-width: 706px) 89vw, (max-width: 767px) 82vw, 740px" /></figure></div>

<p>1957 geboren in Bernkastel-Kues 1978 &#8211; 1982 Studium der bildenden Kunst und Kunstgeschichte an derJohannes Gutenberg-Universität Mainz 1983 &#8211; 1985 Studium an der Staatlichen Hochschule für Bildende Künste,Städelschule Frankfurt am Main, (Bildhauerklasse Prof. M. Croissant) 1987 + 1996 Lehrauftrag an der California-State -University Chico (USA) 2013 &#8211; 2019 Kurator der Ausstellung Embodying Colourin der Kunsthalle &hellip; </p>
<p class="link-more"><a href="https://www.akm-koblenz.de/index.php/mitglieder/heiner-thiel/" class="more-link">Continue reading<span class="screen-reader-text"> &#8220;HEINER THIEL&#8221;</span></a></p>
