{"id":481,"date":"2022-04-30T14:30:02","date_gmt":"2022-04-30T13:30:02","guid":{"rendered":"https:\/\/www.akm-koblenz.de\/?page_id=481"},"modified":"2022-04-30T14:30:02","modified_gmt":"2022-04-30T13:30:02","slug":"cornelia-rosler","status":"publish","type":"page","link":"https:\/\/www.akm-koblenz.de\/index.php\/mitglieder\/cornelia-rosler\/","title":{"rendered":"CORNELIA R\u00d6\u00dfLER"},"content":{"rendered":"\n<div class=\"wp-block-columns is-layout-flex wp-container-core-columns-is-layout-1 wp-block-columns-is-layout-flex\">\n<div class=\"wp-block-column is-layout-flow wp-block-column-is-layout-flow\" style=\"flex-basis:66.66%\">\n<figure class=\"wp-block-table is-style-stripes\"><table><tbody><tr><td>1970<\/td><td>geboren in M\u00fcnchen<\/td><\/tr><tr><td>1991 &#8211; 1996 &nbsp; &nbsp; &nbsp; &nbsp; &nbsp;<\/td><td>Studium f\u00fcr Kommunikationsdesign, Mainz<\/td><\/tr><tr><td>1997 &#8211; 1998<\/td><td>Studium der Bildenden Kunst, Gerrit Rietveld Academie, Amsterdam<\/td><\/tr><\/tbody><\/table><\/figure>\n<\/div>\n\n\n\n<div class=\"wp-block-column is-layout-flow wp-block-column-is-layout-flow\" style=\"flex-basis:33.33%\">\n<figure class=\"wp-block-image size-full\"><img loading=\"lazy\" decoding=\"async\" width=\"300\" height=\"300\" src=\"https:\/\/www.akm-koblenz.de\/wp-content\/uploads\/2022\/04\/roessler.jpg\" alt=\"\" class=\"wp-image-482\" srcset=\"https:\/\/www.akm-koblenz.de\/wp-content\/uploads\/2022\/04\/roessler.jpg 300w, https:\/\/www.akm-koblenz.de\/wp-content\/uploads\/2022\/04\/roessler-200x200.jpg 200w, https:\/\/www.akm-koblenz.de\/wp-content\/uploads\/2022\/04\/roessler-100x100.jpg 100w\" sizes=\"auto, (max-width: 300px) 100vw, 300px\" \/><\/figure>\n<\/div>\n<\/div>\n\n\n\n<h2 class=\"wp-block-heading\">Preise und Stipendien<\/h2>\n\n\n\n<figure class=\"wp-block-table is-style-stripes\"><table><tbody><tr><td>2012<\/td><td>Sandabh International Artist in Residency at Partapur, Rajasthan, India<\/td><\/tr><tr><td>2010 &nbsp; &nbsp;<\/td><td>ZONTA-Kunstpreis, Mainz<br>Katalogf\u00f6rderung vom Ministerium f\u00fcr Bildung,<br>Wissenschaft, Jugend und Kultur, Rheinland-Pfalz<\/td><\/tr><tr><td>2009<\/td><td>L\u00f6wenhofer F\u00f6rderpreis, Frankfurt am Main<br>Stipendium K\u00fcnstlergut Pr\u00f6sitz e.V.<\/td><\/tr><tr><td>2006 &nbsp; &nbsp; &nbsp; &nbsp; &nbsp; &nbsp; &nbsp;&nbsp;<\/td><td>Burgund-Stipendium des Landes Rheinland-Pfalz,<br>Parc Saint Leger, centre d\u00b4art contemporain, Pougues-les-Eaux<\/td><\/tr><tr><td>1996<\/td><td>Kunstpreis vom Ministerium f\u00fcr Familie, Senioren, Frauen und Jugend Rheinland-Pfalz<\/td><\/tr><tr><td>1994<\/td><td>Kunstpreis vom Bundesministerium f\u00fcr Familie, Senioren, Frauen und Jugend<\/td><\/tr><\/tbody><\/table><\/figure>\n\n\n\n<h2 class=\"wp-block-heading\">Einzelausstellungen (Auswahl)<\/h2>\n\n\n\n<figure class=\"wp-block-table is-style-stripes\"><table><tbody><tr><td>2013<\/td><td>Landtag Rheinland-Pfalz, Mainz<\/td><\/tr><tr><td>2012 &nbsp; &nbsp; &nbsp; &nbsp; &nbsp; &nbsp; &nbsp;&nbsp;<\/td><td>Kopfkarussell, Kunst im \u00f6ffentlichen Raum, Frankfurt am Main<br>Fotografieinstallationen, Stephans- und Martinskirche in der Pfalz<\/td><\/tr><tr><td>2010<\/td><td>Saarl\u00e4ndisches K\u00fcnstlerhaus, Saarbr\u00fccken (Katalog)<br>Landesvertretung Rheinland-Pfalz, B\u00fcssel (B)<\/td><\/tr><tr><td>2009<\/td><td>Kunstverein Br\u00fchl, Br\u00fchl<br>Galerie UpArt und Villa Max18, Neustadt an der Weinstra\u00dfe<\/td><\/tr><tr><td>2008<\/td><td>Galerie Maurer, Frankfurt am Main<br>Kulturschmiede Wettig, Nieder-Olm<\/td><\/tr><tr><td>2007<\/td><td>Kunstverein Mittelrhein e.V., Boppard<\/td><\/tr><tr><td>2006<\/td><td>Kunstverein Bellevue Saal, Wiesbaden<br>Essenheimer Kunstverein<br>Kunsthaus Zehnthaus, Jockgrim&nbsp;<\/td><\/tr><tr><td>2005<\/td><td>Mainzer Katakomben (Katalog)<br>Kunst im Abgeordnetenb\u00fcro, Mainz<\/td><\/tr><tr><td>2002<\/td><td>Amtshausgalerie Stadt Freudenberg (Katalog)<\/td><\/tr><\/tbody><\/table><\/figure>\n\n\n\n<h2 class=\"wp-block-heading\">Ausstellungsbeteiligungen (Auswahl)<\/h2>\n\n\n\n<figure class=\"wp-block-table is-style-stripes\"><table><tbody><tr><td>2013<\/td><td>H\u00e4llisch-Fr\u00e4nkisches Museum f\u00fcr Kunst- und Kulturgeschichte Schw\u00e4bisch Hall<\/td><\/tr><tr><td>2012<\/td><td>b-05, Montabaur<br>Kunstblock, Frankfurt am Main<br>Kunsthalle Recklinghausen<\/td><\/tr><tr><td>2011 &nbsp; &nbsp; &nbsp; &nbsp; &nbsp; &nbsp; &nbsp;&nbsp;<\/td><td>Kunstverein Speyer<br>Schloss Balmoral, Bad Ems<br>white box, M\u00fcnchen<\/td><\/tr><tr><td>2010<\/td><td>Arp Museum, Rolandseck<\/td><\/tr><tr><td>2008<\/td><td>K\u00fcnstlerverein Walkm\u00fchle, Wiesbaden<\/td><\/tr><tr><td>2007<\/td><td>Kunstverein Tiergarten, Galerie Nord, Berlin (Katalog)<br>St\u00e4dtische Galerie Ravensburg (Katalog)<br>3. H\u00f6hler-Blennale, Gera (Katalog)<\/td><\/tr><tr><td>2005<\/td><td>F\u00f6rderpreis der Stadt Mainz f\u00fcr bildende Kunst,<br>Kandidatenausstellung, Mainz<br>BASARLAND, Organisation Kunsthaus AG,<br>Wiesbaden, Medien &amp; Kultur e.V.<br>und VULKAN, KulturGesellschaft, Mainz<br>Emy-Roeder-Kunstpreis, Kunstverein Ludwigshafen (Katalog)<\/td><\/tr><tr><td>2003<\/td><td>Ystads Konsmuseet, D\u00e4nemark<\/td><\/tr><tr><td>2002<\/td><td>Neues Kunsthaus, Ahrenshoop (Katalog)<\/td><\/tr><\/tbody><\/table><\/figure>\n\n\n\n<h2 class=\"wp-block-heading\">Lebt und arbeitet in:<\/h2>\n\n\n\n<p>Hauptstra\u00dfe 17-19 \u2022 555120 Mainz<br>Mobil: 0179- 2010066 \u2022 cornelia_roessler@gmx.de<br>www.corneliaroessler.de<\/p>\n\n\n\n<p class=\"has-text-align-center\">pots of india 2013, Keramik mit Leuchtobjekt, 30 x 30 x 30 cm<\/p>\n\n\n\n<div class=\"wp-block-image\"><figure class=\"aligncenter size-full\"><img loading=\"lazy\" decoding=\"async\" width=\"398\" height=\"584\" src=\"https:\/\/www.akm-koblenz.de\/wp-content\/uploads\/2022\/04\/1-11.jpg\" alt=\"\" class=\"wp-image-483\" srcset=\"https:\/\/www.akm-koblenz.de\/wp-content\/uploads\/2022\/04\/1-11.jpg 398w, https:\/\/www.akm-koblenz.de\/wp-content\/uploads\/2022\/04\/1-11-204x300.jpg 204w\" sizes=\"auto, (max-width: 398px) 100vw, 398px\" \/><\/figure><\/div>\n\n\n\n<p class=\"has-text-align-center\">Der Geiger 2012, DVD, \u00e1 5,6 min., Rauminstallation im b-05, ehemaliges Milit\u00e4rgebiet von Montabaur<\/p>\n\n\n\n<div class=\"wp-block-image\"><figure class=\"aligncenter size-full is-resized\"><img decoding=\"async\" src=\"https:\/\/www.akm-koblenz.de\/wp-content\/uploads\/2022\/04\/2-12.jpg\" alt=\"\" class=\"wp-image-484\" width=\"400\" srcset=\"https:\/\/www.akm-koblenz.de\/wp-content\/uploads\/2022\/04\/2-12.jpg 442w, https:\/\/www.akm-koblenz.de\/wp-content\/uploads\/2022\/04\/2-12-300x202.jpg 300w\" sizes=\"(max-width: 442px) 100vw, 442px\" \/><\/figure><\/div>\n\n\n\n<p class=\"has-text-align-center\">Wesen der Zeit 2012, Koffer mit integriertem Leuchtkasten, 25 x 71 x 40 cm<\/p>\n\n\n\n<div class=\"wp-block-image\"><figure class=\"aligncenter size-full is-resized\"><img decoding=\"async\" src=\"https:\/\/www.akm-koblenz.de\/wp-content\/uploads\/2022\/04\/3-10.jpg\" alt=\"\" class=\"wp-image-485\" width=\"400\" srcset=\"https:\/\/www.akm-koblenz.de\/wp-content\/uploads\/2022\/04\/3-10.jpg 444w, https:\/\/www.akm-koblenz.de\/wp-content\/uploads\/2022\/04\/3-10-300x201.jpg 300w\" sizes=\"(max-width: 444px) 100vw, 444px\" \/><\/figure><\/div>\n","protected":false},"excerpt":{"rendered":"<p>1970 geboren in M\u00fcnchen 1991 &#8211; 1996 &nbsp; &nbsp; &nbsp; &nbsp; &nbsp; Studium f\u00fcr Kommunikationsdesign, Mainz 1997 &#8211; 1998 Studium der Bildenden Kunst, Gerrit Rietveld Academie, Amsterdam Preise und Stipendien 2012 Sandabh International Artist in Residency at Partapur, Rajasthan, India 2010 &nbsp; &nbsp; ZONTA-Kunstpreis, MainzKatalogf\u00f6rderung vom Ministerium f\u00fcr Bildung,Wissenschaft, Jugend und Kultur, Rheinland-Pfalz 2009 L\u00f6wenhofer &hellip; <\/p>\n<p class=\"link-more\"><a href=\"https:\/\/www.akm-koblenz.de\/index.php\/mitglieder\/cornelia-rosler\/\" class=\"more-link\">Continue reading<span class=\"screen-reader-text\"> &#8220;CORNELIA R\u00d6\u00dfLER&#8221;<\/span><\/a><\/p>\n","protected":false},"author":1,"featured_media":0,"parent":92,"menu_order":0,"comment_status":"closed","ping_status":"closed","template":"","meta":{"footnotes":""},"class_list":["post-481","page","type-page","status-publish","hentry"],"_links":{"self":[{"href":"https:\/\/www.akm-koblenz.de\/index.php\/wp-json\/wp\/v2\/pages\/481","targetHints":{"allow":["GET"]}}],"collection":[{"href":"https:\/\/www.akm-koblenz.de\/index.php\/wp-json\/wp\/v2\/pages"}],"about":[{"href":"https:\/\/www.akm-koblenz.de\/index.php\/wp-json\/wp\/v2\/types\/page"}],"author":[{"embeddable":true,"href":"https:\/\/www.akm-koblenz.de\/index.php\/wp-json\/wp\/v2\/users\/1"}],"replies":[{"embeddable":true,"href":"https:\/\/www.akm-koblenz.de\/index.php\/wp-json\/wp\/v2\/comments?post=481"}],"version-history":[{"count":1,"href":"https:\/\/www.akm-koblenz.de\/index.php\/wp-json\/wp\/v2\/pages\/481\/revisions"}],"predecessor-version":[{"id":486,"href":"https:\/\/www.akm-koblenz.de\/index.php\/wp-json\/wp\/v2\/pages\/481\/revisions\/486"}],"up":[{"embeddable":true,"href":"https:\/\/www.akm-koblenz.de\/index.php\/wp-json\/wp\/v2\/pages\/92"}],"wp:attachment":[{"href":"https:\/\/www.akm-koblenz.de\/index.php\/wp-json\/wp\/v2\/media?parent=481"}],"curies":[{"name":"wp","href":"https:\/\/api.w.org\/{rel}","templated":true}]}}

CORNELIA RÖßLER

<div class="wp-block-columns is-layout-flex wp-container-core-columns-is-layout-1 wp-block-columns-is-layout-flex">
<div class="wp-block-column is-layout-flow wp-block-column-is-layout-flow" style="flex-basis:66.66%">
<figure class="wp-block-table is-style-stripes"><table><tbody><tr><td>1970</td><td>geboren in München</td></tr><tr><td>1991 &#8211; 1996 &nbsp; &nbsp; &nbsp; &nbsp; &nbsp;</td><td>Studium für Kommunikationsdesign, Mainz</td></tr><tr><td>1997 &#8211; 1998</td><td>Studium der Bildenden Kunst, Gerrit Rietveld Academie, Amsterdam</td></tr></tbody></table></figure>
</div>



<div class="wp-block-column is-layout-flow wp-block-column-is-layout-flow" style="flex-basis:33.33%">
<figure class="wp-block-image size-full"><img loading="lazy" decoding="async" width="300" height="300" src="https://www.akm-koblenz.de/wp-content/uploads/2022/04/roessler.jpg" alt="" class="wp-image-482" srcset="https://www.akm-koblenz.de/wp-content/uploads/2022/04/roessler.jpg 300w, https://www.akm-koblenz.de/wp-content/uploads/2022/04/roessler-200x200.jpg 200w, https://www.akm-koblenz.de/wp-content/uploads/2022/04/roessler-100x100.jpg 100w" sizes="auto, (max-width: 300px) 100vw, 300px" /></figure>
</div>
</div>



<h2 class="wp-block-heading">Preise und Stipendien</h2>



<figure class="wp-block-table is-style-stripes"><table><tbody><tr><td>2012</td><td>Sandabh International Artist in Residency at Partapur, Rajasthan, India</td></tr><tr><td>2010 &nbsp; &nbsp;</td><td>ZONTA-Kunstpreis, Mainz<br>Katalogförderung vom Ministerium für Bildung,<br>Wissenschaft, Jugend und Kultur, Rheinland-Pfalz</td></tr><tr><td>2009</td><td>Löwenhofer Förderpreis, Frankfurt am Main<br>Stipendium Künstlergut Prösitz e.V.</td></tr><tr><td>2006 &nbsp; &nbsp; &nbsp; &nbsp; &nbsp; &nbsp; &nbsp;&nbsp;</td><td>Burgund-Stipendium des Landes Rheinland-Pfalz,<br>Parc Saint Leger, centre d´art contemporain, Pougues-les-Eaux</td></tr><tr><td>1996</td><td>Kunstpreis vom Ministerium für Familie, Senioren, Frauen und Jugend Rheinland-Pfalz</td></tr><tr><td>1994</td><td>Kunstpreis vom Bundesministerium für Familie, Senioren, Frauen und Jugend</td></tr></tbody></table></figure>



<h2 class="wp-block-heading">Einzelausstellungen (Auswahl)</h2>



<figure class="wp-block-table is-style-stripes"><table><tbody><tr><td>2013</td><td>Landtag Rheinland-Pfalz, Mainz</td></tr><tr><td>2012 &nbsp; &nbsp; &nbsp; &nbsp; &nbsp; &nbsp; &nbsp;&nbsp;</td><td>Kopfkarussell, Kunst im öffentlichen Raum, Frankfurt am Main<br>Fotografieinstallationen, Stephans- und Martinskirche in der Pfalz</td></tr><tr><td>2010</td><td>Saarländisches Künstlerhaus, Saarbrücken (Katalog)<br>Landesvertretung Rheinland-Pfalz, Büssel (B)</td></tr><tr><td>2009</td><td>Kunstverein Brühl, Brühl<br>Galerie UpArt und Villa Max18, Neustadt an der Weinstraße</td></tr><tr><td>2008</td><td>Galerie Maurer, Frankfurt am Main<br>Kulturschmiede Wettig, Nieder-Olm</td></tr><tr><td>2007</td><td>Kunstverein Mittelrhein e.V., Boppard</td></tr><tr><td>2006</td><td>Kunstverein Bellevue Saal, Wiesbaden<br>Essenheimer Kunstverein<br>Kunsthaus Zehnthaus, Jockgrim&nbsp;</td></tr><tr><td>2005</td><td>Mainzer Katakomben (Katalog)<br>Kunst im Abgeordnetenbüro, Mainz</td></tr><tr><td>2002</td><td>Amtshausgalerie Stadt Freudenberg (Katalog)</td></tr></tbody></table></figure>



<h2 class="wp-block-heading">Ausstellungsbeteiligungen (Auswahl)</h2>



<figure class="wp-block-table is-style-stripes"><table><tbody><tr><td>2013</td><td>Hällisch-Fränkisches Museum für Kunst- und Kulturgeschichte Schwäbisch Hall</td></tr><tr><td>2012</td><td>b-05, Montabaur<br>Kunstblock, Frankfurt am Main<br>Kunsthalle Recklinghausen</td></tr><tr><td>2011 &nbsp; &nbsp; &nbsp; &nbsp; &nbsp; &nbsp; &nbsp;&nbsp;</td><td>Kunstverein Speyer<br>Schloss Balmoral, Bad Ems<br>white box, München</td></tr><tr><td>2010</td><td>Arp Museum, Rolandseck</td></tr><tr><td>2008</td><td>Künstlerverein Walkmühle, Wiesbaden</td></tr><tr><td>2007</td><td>Kunstverein Tiergarten, Galerie Nord, Berlin (Katalog)<br>Städtische Galerie Ravensburg (Katalog)<br>3. Höhler-Blennale, Gera (Katalog)</td></tr><tr><td>2005</td><td>Förderpreis der Stadt Mainz für bildende Kunst,<br>Kandidatenausstellung, Mainz<br>BASARLAND, Organisation Kunsthaus AG,<br>Wiesbaden, Medien &amp; Kultur e.V.<br>und VULKAN, KulturGesellschaft, Mainz<br>Emy-Roeder-Kunstpreis, Kunstverein Ludwigshafen (Katalog)</td></tr><tr><td>2003</td><td>Ystads Konsmuseet, Dänemark</td></tr><tr><td>2002</td><td>Neues Kunsthaus, Ahrenshoop (Katalog)</td></tr></tbody></table></figure>



<h2 class="wp-block-heading">Lebt und arbeitet in:</h2>



<p>Hauptstraße 17-19 • 555120 Mainz<br>Mobil: 0179- 2010066 • cornelia_roessler@gmx.de<br>www.corneliaroessler.de</p>



<p class="has-text-align-center">pots of india 2013, Keramik mit Leuchtobjekt, 30 x 30 x 30 cm</p>



<div class="wp-block-image"><figure class="aligncenter size-full"><img loading="lazy" decoding="async" width="398" height="584" src="https://www.akm-koblenz.de/wp-content/uploads/2022/04/1-11.jpg" alt="" class="wp-image-483" srcset="https://www.akm-koblenz.de/wp-content/uploads/2022/04/1-11.jpg 398w, https://www.akm-koblenz.de/wp-content/uploads/2022/04/1-11-204x300.jpg 204w" sizes="auto, (max-width: 398px) 100vw, 398px" /></figure></div>



<p class="has-text-align-center">Der Geiger 2012, DVD, á 5,6 min., Rauminstallation im b-05, ehemaliges Militärgebiet von Montabaur</p>



<div class="wp-block-image"><figure class="aligncenter size-full is-resized"><img decoding="async" src="https://www.akm-koblenz.de/wp-content/uploads/2022/04/2-12.jpg" alt="" class="wp-image-484" width="400" srcset="https://www.akm-koblenz.de/wp-content/uploads/2022/04/2-12.jpg 442w, https://www.akm-koblenz.de/wp-content/uploads/2022/04/2-12-300x202.jpg 300w" sizes="(max-width: 442px) 100vw, 442px" /></figure></div>



<p class="has-text-align-center">Wesen der Zeit 2012, Koffer mit integriertem Leuchtkasten, 25 x 71 x 40 cm</p>



<div class="wp-block-image"><figure class="aligncenter size-full is-resized"><img decoding="async" src="https://www.akm-koblenz.de/wp-content/uploads/2022/04/3-10.jpg" alt="" class="wp-image-485" width="400" srcset="https://www.akm-koblenz.de/wp-content/uploads/2022/04/3-10.jpg 444w, https://www.akm-koblenz.de/wp-content/uploads/2022/04/3-10-300x201.jpg 300w" sizes="(max-width: 444px) 100vw, 444px" /></figure></div>

<p>1970 geboren in München 1991 &#8211; 1996 &nbsp; &nbsp; &nbsp; &nbsp; &nbsp; Studium für Kommunikationsdesign, Mainz 1997 &#8211; 1998 Studium der Bildenden Kunst, Gerrit Rietveld Academie, Amsterdam Preise und Stipendien 2012 Sandabh International Artist in Residency at Partapur, Rajasthan, India 2010 &nbsp; &nbsp; ZONTA-Kunstpreis, MainzKatalogförderung vom Ministerium für Bildung,Wissenschaft, Jugend und Kultur, Rheinland-Pfalz 2009 Löwenhofer &hellip; </p>
<p class="link-more"><a href="https://www.akm-koblenz.de/index.php/mitglieder/cornelia-rosler/" class="more-link">Continue reading<span class="screen-reader-text"> &#8220;CORNELIA RÖßLER&#8221;</span></a></p>
