{"id":439,"date":"2022-04-30T13:52:34","date_gmt":"2022-04-30T12:52:34","guid":{"rendered":"https:\/\/www.akm-koblenz.de\/?page_id=439"},"modified":"2022-04-30T13:52:34","modified_gmt":"2022-04-30T12:52:34","slug":"manfred-pasieka","status":"publish","type":"page","link":"https:\/\/www.akm-koblenz.de\/index.php\/mitglieder\/manfred-pasieka\/","title":{"rendered":"MANFRED  PASIEKA"},"content":{"rendered":"\n<div class=\"wp-block-columns is-layout-flex wp-container-core-columns-is-layout-1 wp-block-columns-is-layout-flex\">\n<div class=\"wp-block-column is-layout-flow wp-block-column-is-layout-flow\" style=\"flex-basis:66.66%\">\n<figure class=\"wp-block-table is-style-stripes\"><table><tbody><tr><td>1935<\/td><td>geboren in Mei\u00dfen<\/td><\/tr><tr><td>1956 -1960<\/td><td>Studium, K\u00f6lner Werkschulen<\/td><\/tr><tr><td>seit 1960<\/td><td>freischaffender K\u00fcnstler<\/td><\/tr><tr><td>1964 -1965<\/td><td>Rom-Aufenthalt, Villa Massimo<\/td><\/tr><tr><td>seit 1969<\/td><td>zweiter Wohnsitz in der Toskana<\/td><\/tr><tr><td>1974 -1975<\/td><td>Studienreise durch Mittelamerika<\/td><\/tr><tr><td>1989<\/td><td>dreimonatiger Aufenthalt Villa Romana, Florenz<\/td><\/tr><tr><td>seit 1994<\/td><td>Wohnsitz in Senheim an der Mosel<\/td><\/tr><\/tbody><\/table><\/figure>\n<\/div>\n\n\n\n<div class=\"wp-block-column is-layout-flow wp-block-column-is-layout-flow\" style=\"flex-basis:33.33%\">\n<figure class=\"wp-block-image size-full\"><img loading=\"lazy\" decoding=\"async\" width=\"300\" height=\"300\" src=\"https:\/\/www.akm-koblenz.de\/wp-content\/uploads\/2022\/04\/pasieka.jpg\" alt=\"\" class=\"wp-image-440\" srcset=\"https:\/\/www.akm-koblenz.de\/wp-content\/uploads\/2022\/04\/pasieka.jpg 300w, https:\/\/www.akm-koblenz.de\/wp-content\/uploads\/2022\/04\/pasieka-200x200.jpg 200w, https:\/\/www.akm-koblenz.de\/wp-content\/uploads\/2022\/04\/pasieka-100x100.jpg 100w\" sizes=\"auto, (max-width: 300px) 100vw, 300px\" \/><\/figure>\n<\/div>\n<\/div>\n\n\n\n<h2 class=\"wp-block-heading\">Kunstpreise<\/h2>\n\n\n\n<figure class=\"wp-block-table is-style-stripes\"><table><tbody><tr><td>2011<\/td><td>Hanns -Sprung-Preis der AKM, Koblenz<\/td><\/tr><tr><td>1989<\/td><td>dreimonatiger Aufenthalt Villa Romana, Florenz<\/td><\/tr><tr><td>1965<\/td><td>Rhein-Tiber-Preis<\/td><\/tr><tr><td>1964<\/td><td>Rom-Preis, Villa Massimo<\/td><\/tr><tr><td>1962<\/td><td>Casa Baldi, Olevano<\/td><\/tr><\/tbody><\/table><\/figure>\n\n\n\n<h2 class=\"wp-block-heading\">Mitgliedschaften<\/h2>\n\n\n\n<figure class=\"wp-block-table is-style-stripes\"><table><tbody><tr><td>seit 2007<\/td><td>K\u00fcnstlersonderbund in Deutschland, Berlin<\/td><\/tr><tr><td>seit 2003<\/td><td>AKM, Arbeitsgemeinschaft bildender K\u00fcnstler am Mittelrhein, Koblenz<\/td><\/tr><tr><td>seit 1995<\/td><td>BBK, Berufsverband Bildender K\u00fcnstler, Rheinland-Pfalz<\/td><\/tr><\/tbody><\/table><\/figure>\n\n\n\n<h2 class=\"wp-block-heading\">Einzelausstellungen und Ausstellungsbeteiligungen<\/h2>\n\n\n\n<figure class=\"wp-block-table is-style-stripes\"><table><tbody><tr><td>2012<\/td><td>K\u00fcnstlersonderbund, Berlin<\/td><\/tr><tr><td>2011<\/td><td>Atelier Meerkatze, K\u00f6nigswinter<\/td><\/tr><tr><td>2010<\/td><td>K\u00fcnstlersonderbund, Berlin<br>4 K\u00fcnstler, AKM Haus Metternich, Koblenz<\/td><\/tr><tr><td>2008<\/td><td>Palais Ducal, Nevers, (F)<br>K\u00fcnstlersonderbund, Coburg und Burg Beeskow<br>Kurf\u00fcrstliches G\u00e4rtnerhaus, Bonn<br>60 jahre form+farbe der AKM, K\u00fcnstlerhaus Metternich, Koblenz<\/td><\/tr><tr><td>2007<\/td><td>EifelArt, Kunstf\u00f6rderverein,<br>Komturei Adenau,<br>Retrospektive, AKM K\u00fcnstlerhaus Metternich, Koblenz<\/td><\/tr><tr><td>2005<\/td><td>Palast russ. K\u00fcnstlerverband, St. Petersburg<\/td><\/tr><tr><td>2004<\/td><td>St\u00e4dtische Galerie, SonnebergTGZ, Kaisersesch<br>K\u00fcnstler der AKM, Petah Tikva, Israel<\/td><\/tr><tr><td>2002<\/td><td>Bonner Kunstverein \/Kreismuseum Zons<br>Akademie der Wissenschaften, Berlin<\/td><\/tr><tr><td>2000<\/td><td>Kulturzentrum Kapuzinerkloster, Cochem<\/td><\/tr><tr><td>1999<\/td><td>International Art Exhibition, Qingdao, VR China<\/td><\/tr><tr><td>1997<\/td><td>Landtag Mainz<br>Kunstmesse Pirmasens<br>Avallon, Burgund (F)<\/td><\/tr><tr><td>1995<\/td><td>Kunstmesse Pirmasens<\/td><\/tr><tr><td>1992<\/td><td>Roemer- und Pelizaeus -Museum, Hildesheim<\/td><\/tr><tr><td>1989<\/td><td>Villa Romana, Florenz (I)<\/td><\/tr><tr><td>1988<\/td><td>Nationalmuseum, Seoul, Korea<br>Galerie Glockengasse 4711, K\u00f6ln<\/td><\/tr><tr><td>1979<\/td><td>Orangerie, Kassel<\/td><\/tr><tr><td>1978<\/td><td>Kunsthalle Baden-Baden<\/td><\/tr><tr><td>1977<\/td><td>Kunstverein Frechen<br>Historisches Rathaus K\u00f6ln<\/td><\/tr><tr><td>1975<\/td><td>Kreismuseum Zons<\/td><\/tr><tr><td>1974<\/td><td>Kurf\u00fcrstliches G\u00e4rtnerhaus, Bonn<\/td><\/tr><tr><td>1973<\/td><td>Kunstverein G\u00f6ttingen<\/td><\/tr><tr><td>1971<\/td><td>Schlossmuseum Fulda<br>Kunstverein Erlangen<br>Italienisches Kulturinstitut, K\u00f6ln<\/td><\/tr><tr><td>1969<\/td><td>Rheinisches Landesmuseum, Bonn<\/td><\/tr><tr><td>1968<\/td><td>Museum Schlo\u00df Oberhausen<br>Galerie Gmurzynska, K\u00f6ln<\/td><\/tr><tr><td>1967<\/td><td>Maxwell Galleries, San Francisco, USA<\/td><\/tr><tr><td>1965<\/td><td>Villa Massimo, Rom<\/td><\/tr><tr><td>1963<\/td><td>Suermondt-Museum Aachen<\/td><\/tr><tr><td>1997 &#8211; 1999<\/td><td>K\u00fcnstlerische Gesamtgestaltung einer s\u00e4chsischen<br>Landesbeh\u00f6rde mit Glas-, Fassaden- und Parkgestaltung incl.<br>einer gro\u00dfen Brunnenanlage mit 3 lebensgro\u00dfen Bronze-Rindern<\/td><\/tr><tr><td>seit 2003<\/td><td>Teilnahme an der Jahresausstellung form+farbe, AKM K\u00fcnstlerhaus Metternich, Koblenz<\/td><\/tr><tr><td>seit 2004<\/td><td>Teilnahme an der Jahresausstellung Aschermittwoch der K\u00fcnstler,<br>AKM K\u00fcnstlerhaus Metternich, Koblenz<\/td><\/tr><\/tbody><\/table><\/figure>\n\n\n\n<h2 class=\"wp-block-heading\">Lebt und arbeitet in:<\/h2>\n\n\n\n<p>Zeller Stra\u00dfe 14 \u2022 56820 Senheim<br>Tel.: 026 73 &#8211; 41 48 \u2022 pasieka.manfred@t-online.de<br>www.pasieka.info<\/p>\n\n\n\n<p class=\"has-text-align-center\">Senza parole 2012, \u00d6l auf Leinwand, 100 x 130 cm<\/p>\n\n\n\n<div class=\"wp-block-image\"><figure class=\"aligncenter size-full is-resized\"><img decoding=\"async\" src=\"https:\/\/www.akm-koblenz.de\/wp-content\/uploads\/2022\/04\/1-6.jpg\" alt=\"\" class=\"wp-image-441\" width=\"400\" srcset=\"https:\/\/www.akm-koblenz.de\/wp-content\/uploads\/2022\/04\/1-6.jpg 444w, https:\/\/www.akm-koblenz.de\/wp-content\/uploads\/2022\/04\/1-6-300x229.jpg 300w\" sizes=\"(max-width: 444px) 100vw, 444px\" \/><\/figure><\/div>\n\n\n\n<p class=\"has-text-align-center\">Philemon und Baucis 1991, \u00d6l auf Leinwand, 50 x 40 cm<\/p>\n\n\n\n<div class=\"wp-block-image\"><figure class=\"aligncenter size-full is-resized\"><img decoding=\"async\" src=\"https:\/\/www.akm-koblenz.de\/wp-content\/uploads\/2022\/04\/2-6.jpg\" alt=\"\" class=\"wp-image-442\" width=\"400\" srcset=\"https:\/\/www.akm-koblenz.de\/wp-content\/uploads\/2022\/04\/2-6.jpg 443w, https:\/\/www.akm-koblenz.de\/wp-content\/uploads\/2022\/04\/2-6-228x300.jpg 228w\" sizes=\"(max-width: 443px) 100vw, 443px\" \/><\/figure><\/div>\n\n\n\n<p class=\"has-text-align-center\">Quitte 2000, \u00d6l auf Leinwand, 40 x 30 cm<\/p>\n\n\n\n<div class=\"wp-block-image\"><figure class=\"aligncenter size-full is-resized\"><img decoding=\"async\" src=\"https:\/\/www.akm-koblenz.de\/wp-content\/uploads\/2022\/04\/3-5.jpg\" alt=\"\" class=\"wp-image-443\" width=\"400\" srcset=\"https:\/\/www.akm-koblenz.de\/wp-content\/uploads\/2022\/04\/3-5.jpg 442w, https:\/\/www.akm-koblenz.de\/wp-content\/uploads\/2022\/04\/3-5-227x300.jpg 227w\" sizes=\"(max-width: 442px) 100vw, 442px\" \/><\/figure><\/div>\n","protected":false},"excerpt":{"rendered":"<p>1935 geboren in Mei\u00dfen 1956 -1960 Studium, K\u00f6lner Werkschulen seit 1960 freischaffender K\u00fcnstler 1964 -1965 Rom-Aufenthalt, Villa Massimo seit 1969 zweiter Wohnsitz in der Toskana 1974 -1975 Studienreise durch Mittelamerika 1989 dreimonatiger Aufenthalt Villa Romana, Florenz seit 1994 Wohnsitz in Senheim an der Mosel Kunstpreise 2011 Hanns -Sprung-Preis der AKM, Koblenz 1989 dreimonatiger Aufenthalt Villa &hellip; <\/p>\n<p class=\"link-more\"><a href=\"https:\/\/www.akm-koblenz.de\/index.php\/mitglieder\/manfred-pasieka\/\" class=\"more-link\">Continue reading<span class=\"screen-reader-text\"> &#8220;MANFRED  PASIEKA&#8221;<\/span><\/a><\/p>\n","protected":false},"author":1,"featured_media":0,"parent":92,"menu_order":0,"comment_status":"closed","ping_status":"closed","template":"","meta":{"footnotes":""},"class_list":["post-439","page","type-page","status-publish","hentry"],"_links":{"self":[{"href":"https:\/\/www.akm-koblenz.de\/index.php\/wp-json\/wp\/v2\/pages\/439","targetHints":{"allow":["GET"]}}],"collection":[{"href":"https:\/\/www.akm-koblenz.de\/index.php\/wp-json\/wp\/v2\/pages"}],"about":[{"href":"https:\/\/www.akm-koblenz.de\/index.php\/wp-json\/wp\/v2\/types\/page"}],"author":[{"embeddable":true,"href":"https:\/\/www.akm-koblenz.de\/index.php\/wp-json\/wp\/v2\/users\/1"}],"replies":[{"embeddable":true,"href":"https:\/\/www.akm-koblenz.de\/index.php\/wp-json\/wp\/v2\/comments?post=439"}],"version-history":[{"count":1,"href":"https:\/\/www.akm-koblenz.de\/index.php\/wp-json\/wp\/v2\/pages\/439\/revisions"}],"predecessor-version":[{"id":444,"href":"https:\/\/www.akm-koblenz.de\/index.php\/wp-json\/wp\/v2\/pages\/439\/revisions\/444"}],"up":[{"embeddable":true,"href":"https:\/\/www.akm-koblenz.de\/index.php\/wp-json\/wp\/v2\/pages\/92"}],"wp:attachment":[{"href":"https:\/\/www.akm-koblenz.de\/index.php\/wp-json\/wp\/v2\/media?parent=439"}],"curies":[{"name":"wp","href":"https:\/\/api.w.org\/{rel}","templated":true}]}}