{"id":432,"date":"2022-04-30T13:46:23","date_gmt":"2022-04-30T12:46:23","guid":{"rendered":"https:\/\/www.akm-koblenz.de\/?page_id=432"},"modified":"2022-04-30T13:46:23","modified_gmt":"2022-04-30T12:46:23","slug":"walter-metzler","status":"publish","type":"page","link":"https:\/\/www.akm-koblenz.de\/index.php\/mitglieder\/walter-metzler\/","title":{"rendered":"Walter Metzler"},"content":{"rendered":"\n<div class=\"wp-block-columns is-layout-flex wp-container-core-columns-is-layout-1 wp-block-columns-is-layout-flex\">\n<div class=\"wp-block-column is-layout-flow wp-block-column-is-layout-flow\" style=\"flex-basis:66.66%\">\n<figure class=\"wp-block-table is-style-stripes\"><table><tbody><tr><td>1954&nbsp;<\/td><td>geboren in Burgen\/Mosel&nbsp;<\/td><\/tr><tr><td>1969 &#8211; 77<\/td><td>autodidaktische Auseinandersetzungen mit dem Surrealismus: Zeichnungen Malereien, Texte<br>Reisen nach Holland, Frankreich, Spanien, Marokko&nbsp;<\/td><\/tr><tr><td>1977 &#8211;&nbsp;79<\/td><td>Ausbildung: Schriften- und Plakatmaler<\/td><\/tr><tr><td>1979 &#8211; 81<\/td><td>Zivildienst&nbsp;<\/td><\/tr><tr><td>1982 &#8211; 85<\/td><td>Studium: Malerei und Grafik&nbsp;<\/td><\/tr><tr><td>1983 &#8211; 93<\/td><td>Werbegrafik&nbsp;<\/td><\/tr><tr><td>1993 &#8211; Heute&nbsp;&nbsp;&nbsp;&nbsp;<\/td><td>lebt und arbeitet in Vallendar und Koblenz<\/td><\/tr><\/tbody><\/table><\/figure>\n<\/div>\n\n\n\n<div class=\"wp-block-column is-layout-flow wp-block-column-is-layout-flow\" style=\"flex-basis:33.33%\">\n<figure class=\"wp-block-image size-full\"><img loading=\"lazy\" decoding=\"async\" width=\"940\" height=\"949\" src=\"https:\/\/www.akm-koblenz.de\/wp-content\/uploads\/2022\/04\/metzler.jpg\" alt=\"\" class=\"wp-image-433\" srcset=\"https:\/\/www.akm-koblenz.de\/wp-content\/uploads\/2022\/04\/metzler.jpg 940w, https:\/\/www.akm-koblenz.de\/wp-content\/uploads\/2022\/04\/metzler-297x300.jpg 297w, https:\/\/www.akm-koblenz.de\/wp-content\/uploads\/2022\/04\/metzler-768x775.jpg 768w, https:\/\/www.akm-koblenz.de\/wp-content\/uploads\/2022\/04\/metzler-100x100.jpg 100w\" sizes=\"auto, (max-width: 706px) 89vw, (max-width: 767px) 82vw, 740px\" \/><\/figure>\n<\/div>\n<\/div>\n\n\n\n<h2 class=\"wp-block-heading\">Statements<\/h2>\n\n\n\n<p>&#8220;Zweifel an bekannten Sehgewohnheiten und Kritik am Selbstverst\u00e4ndlichen stehen f\u00fcr Wandel. Kontinuierliches Arbeiten in nur eine Richtung und nach einer Manier erachte ich als paranoische Flie\u00dfbehindeung und somit f\u00fcr unsinnig meinem Naturell abgetrotzt.&#8221;<\/p>\n\n\n\n<p>&#8220;Unbekannten Klangbildern folgen, zum Beispiel beim ersten H\u00f6ren experimenteller Musik, z\u00e4hlt f\u00fcr mich zu den spannendsten Erlebnissen beim Malen. Ungehemmt beginnen Pinsel, Stifte, andere Werkzeuge \u00fcber die Fl\u00e4che einer Leinwand oder eines Kartons zu t\u00e4nzeln, huschen, h\u00fcpfen, stolzieren, rutschen, plumpsen. Das schafft unvorhergesehene Situationen und die Ergebnisse versetzen mich selbst in Erstaunen.&#8221;<\/p>\n\n\n\n<p>www.waltermetzler.de<\/p>\n\n\n\n<p class=\"has-text-align-center\">&#8220;Macht&#8221; \/ Diktion 5\/02 &#8211; Gouache\/Mischtechnik auf Karton, Gr\u00f6\u00dfe &#8211; 65,1cm x 49,9cm<\/p>\n\n\n\n<div class=\"wp-block-image\"><figure class=\"aligncenter size-full is-resized\"><img decoding=\"async\" src=\"https:\/\/www.akm-koblenz.de\/wp-content\/uploads\/2022\/04\/1-5.jpg\" alt=\"\" class=\"wp-image-434\" width=\"400\" srcset=\"https:\/\/www.akm-koblenz.de\/wp-content\/uploads\/2022\/04\/1-5.jpg 456w, https:\/\/www.akm-koblenz.de\/wp-content\/uploads\/2022\/04\/1-5-230x300.jpg 230w\" sizes=\"(max-width: 456px) 100vw, 456px\" \/><\/figure><\/div>\n\n\n\n<p class=\"has-text-align-center\">&#8220;O. T. Musik \/ Diktion 6\/03&#8221; &#8211; Gouache auf Karton, Gr\u00f6\u00dfe &#8211; 20,1cm x 20,4cm<\/p>\n\n\n\n<div class=\"wp-block-image\"><figure class=\"aligncenter size-full is-resized\"><img decoding=\"async\" src=\"https:\/\/www.akm-koblenz.de\/wp-content\/uploads\/2022\/04\/2-5.jpg\" alt=\"\" class=\"wp-image-435\" width=\"400\" srcset=\"https:\/\/www.akm-koblenz.de\/wp-content\/uploads\/2022\/04\/2-5.jpg 510w, https:\/\/www.akm-koblenz.de\/wp-content\/uploads\/2022\/04\/2-5-300x296.jpg 300w, https:\/\/www.akm-koblenz.de\/wp-content\/uploads\/2022\/04\/2-5-100x100.jpg 100w\" sizes=\"(max-width: 510px) 100vw, 510px\" \/><\/figure><\/div>\n\n\n\n<p class=\"has-text-align-center\">&#8220;O. T. Musik \/ Diktion 2\/01&#8221; &#8211; Gouache auf Karton, Gr\u00f6\u00dfe &#8211; 29,7cm x 41,7cm<\/p>\n\n\n\n<div class=\"wp-block-image\"><figure class=\"aligncenter size-full is-resized\"><img decoding=\"async\" src=\"https:\/\/www.akm-koblenz.de\/wp-content\/uploads\/2022\/04\/3-4.jpg\" alt=\"\" class=\"wp-image-436\" width=\"400\" srcset=\"https:\/\/www.akm-koblenz.de\/wp-content\/uploads\/2022\/04\/3-4.jpg 510w, https:\/\/www.akm-koblenz.de\/wp-content\/uploads\/2022\/04\/3-4-300x210.jpg 300w\" sizes=\"(max-width: 510px) 100vw, 510px\" \/><\/figure><\/div>\n","protected":false},"excerpt":{"rendered":"<p>1954&nbsp; geboren in Burgen\/Mosel&nbsp; 1969 &#8211; 77 autodidaktische Auseinandersetzungen mit dem Surrealismus: Zeichnungen Malereien, TexteReisen nach Holland, Frankreich, Spanien, Marokko&nbsp; 1977 &#8211;&nbsp;79 Ausbildung: Schriften- und Plakatmaler 1979 &#8211; 81 Zivildienst&nbsp; 1982 &#8211; 85 Studium: Malerei und Grafik&nbsp; 1983 &#8211; 93 Werbegrafik&nbsp; 1993 &#8211; Heute&nbsp;&nbsp;&nbsp;&nbsp; lebt und arbeitet in Vallendar und Koblenz Statements &#8220;Zweifel an bekannten &hellip; <\/p>\n<p class=\"link-more\"><a href=\"https:\/\/www.akm-koblenz.de\/index.php\/mitglieder\/walter-metzler\/\" class=\"more-link\">Continue reading<span class=\"screen-reader-text\"> &#8220;Walter Metzler&#8221;<\/span><\/a><\/p>\n","protected":false},"author":1,"featured_media":0,"parent":92,"menu_order":0,"comment_status":"closed","ping_status":"closed","template":"","meta":{"footnotes":""},"class_list":["post-432","page","type-page","status-publish","hentry"],"_links":{"self":[{"href":"https:\/\/www.akm-koblenz.de\/index.php\/wp-json\/wp\/v2\/pages\/432","targetHints":{"allow":["GET"]}}],"collection":[{"href":"https:\/\/www.akm-koblenz.de\/index.php\/wp-json\/wp\/v2\/pages"}],"about":[{"href":"https:\/\/www.akm-koblenz.de\/index.php\/wp-json\/wp\/v2\/types\/page"}],"author":[{"embeddable":true,"href":"https:\/\/www.akm-koblenz.de\/index.php\/wp-json\/wp\/v2\/users\/1"}],"replies":[{"embeddable":true,"href":"https:\/\/www.akm-koblenz.de\/index.php\/wp-json\/wp\/v2\/comments?post=432"}],"version-history":[{"count":1,"href":"https:\/\/www.akm-koblenz.de\/index.php\/wp-json\/wp\/v2\/pages\/432\/revisions"}],"predecessor-version":[{"id":437,"href":"https:\/\/www.akm-koblenz.de\/index.php\/wp-json\/wp\/v2\/pages\/432\/revisions\/437"}],"up":[{"embeddable":true,"href":"https:\/\/www.akm-koblenz.de\/index.php\/wp-json\/wp\/v2\/pages\/92"}],"wp:attachment":[{"href":"https:\/\/www.akm-koblenz.de\/index.php\/wp-json\/wp\/v2\/media?parent=432"}],"curies":[{"name":"wp","href":"https:\/\/api.w.org\/{rel}","templated":true}]}}