{"id":318,"date":"2022-02-05T17:50:37","date_gmt":"2022-02-05T16:50:37","guid":{"rendered":"http:\/\/localhost\/?page_id=318"},"modified":"2022-02-05T17:50:37","modified_gmt":"2022-02-05T16:50:37","slug":"christel-hermann","status":"publish","type":"page","link":"https:\/\/www.akm-koblenz.de\/index.php\/mitglieder\/christel-hermann\/","title":{"rendered":"Christel Hermann"},"content":{"rendered":"\n<div class=\"wp-block-columns is-layout-flex wp-container-core-columns-is-layout-1 wp-block-columns-is-layout-flex\">\n<div class=\"wp-block-column is-layout-flow wp-block-column-is-layout-flow\" style=\"flex-basis:66.66%\">\n<figure class=\"wp-block-table is-style-stripes\"><table><tbody><tr><td>1951<\/td><td>geboren in Neuwied<\/td><\/tr><tr><td>&nbsp;<\/td><td>lebt und arbeitet in Heimbach<\/td><\/tr><\/tbody><\/table><\/figure>\n<\/div>\n\n\n\n<div class=\"wp-block-column is-layout-flow wp-block-column-is-layout-flow\" style=\"flex-basis:33.33%\">\n<figure class=\"wp-block-image size-full\"><img loading=\"lazy\" decoding=\"async\" width=\"300\" height=\"300\" src=\"http:\/\/localhost\/wp-content\/uploads\/2022\/02\/hermann.jpg\" alt=\"\" class=\"wp-image-319\" srcset=\"https:\/\/www.akm-koblenz.de\/wp-content\/uploads\/2022\/02\/hermann.jpg 300w, https:\/\/www.akm-koblenz.de\/wp-content\/uploads\/2022\/02\/hermann-200x200.jpg 200w, https:\/\/www.akm-koblenz.de\/wp-content\/uploads\/2022\/02\/hermann-100x100.jpg 100w\" sizes=\"auto, (max-width: 300px) 100vw, 300px\" \/><\/figure>\n<\/div>\n<\/div>\n\n\n\n<h2 class=\"wp-block-heading\">Kunstpreise und Wettbewerbe<\/h2>\n\n\n\n<figure class=\"wp-block-table is-style-stripes\"><table><tbody><tr><td>2012<\/td><td>Kunstpreis Di\u00f6zese Rottenburg, Pr\u00e4mierungsausstellung<\/td><\/tr><tr><td>2011&nbsp;<\/td><td>Albert-Haueisen-Preis, Germersheim, Pr\u00e4mierungsausstellung<\/td><\/tr><tr><td>2005<\/td><td>Wettbewerb Kunst am Bau, Kreis Neuwied,<br>Realschule Linz, Ank\u00e4ufe<\/td><\/tr><tr><td>2000<\/td><td>Kunstpreis UHRTURM, 1.Preis<\/td><\/tr><tr><td>1998<\/td><td>Wettbewerb Gestaltung Gesellschaftshaus Kirn, Wandgestaltung<br>Wettbewerb Kunst am Bau, Staatstheater Mainz, Ank\u00e4ufe<\/td><\/tr><\/tbody><\/table><\/figure>\n\n\n\n<h2 class=\"wp-block-heading\">Einzelausstellungen (Auswahl)<\/h2>\n\n\n\n<figure class=\"wp-block-table is-style-stripes\"><table><tbody><tr><td>2017<\/td><td>Galerie LEOGALLERIES, Monza (I)<br>Galerie G. NAUDIN, Paris (F)<br>Galerie LAIK, Koblenz (D)<\/td><\/tr><tr><td>2015<\/td><td>Galerie LAIK, Koblenz (D)<\/td><\/tr><tr><td>2012<\/td><td>Galerie LAIK, Koblenz (D)<br>ROENTGEN-MUSEUM, Neuwied (D)<\/td><\/tr><tr><td>2011<\/td><td>Galerie NICOLET, Coustellet (F)<\/td><\/tr><tr><td>2010<\/td><td>Galerie HEXAGONE, Aachen (D)<\/td><\/tr><tr><td>2009<\/td><td>Galerie KWAI FUNG, Hong Kong (RC)<\/td><\/tr><tr><td>2008<\/td><td>Galerie COMOARTE, Como (I)<br>Galerie NICOLET, Coustellet (F)<br>Galerie G. NAUDINE, Paris (F)<\/td><\/tr><tr><td>2007<\/td><td>Galerie ARTE ED ALTRO, Gattinara (I)<\/td><\/tr><tr><td>2006<\/td><td>Galerie SPIRALE ARTE, Monza (I)<br>Galerie ROSSO20SETTE, Rom (I)<\/td><\/tr><tr><td>2005<\/td><td>GRAFIQUEART GALLERY, Bologna (I)<br>Galerie SPIRALE ARTE, Pietrasanta (I)<br>Galerie L\u00b4ENCLUME, Neuchatel (CH)<\/td><\/tr><tr><td>2004<\/td><td>Galerie SPIRALE ARTE, Verona (I)<\/td><\/tr><tr><td>2003<\/td><td>Galerie LAIK, Koblenz (D)<br>Galerie MARLENE, Ottenbach (CH)<br>Galerie ALDO MARI, Imbersago (I)<\/td><\/tr><tr><td>2002<\/td><td>Galerie ARTWORKS, Amsterdam (NL)<br>Galerie BERNARD, Avignon (F)<\/td><\/tr><\/tbody><\/table><\/figure>\n\n\n\n<h2 class=\"wp-block-heading\">Kunstmessen<\/h2>\n\n\n\n<p>D\u00fcsseldorf, Genf, Stra\u00dfburg, Nimes, Hengelo, Beirut, Innsbruck, Padua, Mailand, Gent, Karlsruhe<\/p>\n\n\n\n<h2 class=\"wp-block-heading\">Publikationen<\/h2>\n\n\n\n<figure class=\"wp-block-table is-style-stripes\"><table><tbody><tr><td>2016<\/td><td>kaum wahrnehmbar, Galerie Laik, Koblenz (K)<\/td><\/tr><tr><td>2012<\/td><td>frei wie ein Vogel frei, Galerie Laik, Koblenz (K)<br>wo die zeitlosigkeit des f\u00fchlens zuhause ist, Galerie Laik, Koblenz (K)<br>Archiv des Lebens, Roentgenmuseum, Neuwied (K)<\/td><\/tr><tr><td>2008<\/td><td>Ricordi ed emozioni, Galerie Comoarte, Como (K)<\/td><\/tr><tr><td>2006<\/td><td>In secret, Galerie Rosso20sette, Rom (K)<br>&#8230; e ogni giorno imparo di pi\u00f9, Galerie SpiraleArte, Monza (K)<\/td><\/tr><tr><td>2005<\/td><td>Archetipica, Grafique Art Gallery, Bologna (K)<br>Arche, Galerie SpiraleArte, Verona (K)<br>Psalterium Palatinum, Speyer<\/td><\/tr><tr><td>2001<\/td><td>Der Stille lauschen, ISBN 3-00-008373-1, 2001 (K)<\/td><\/tr><\/tbody><\/table><\/figure>\n\n\n\n<h2 class=\"wp-block-heading\">Lebt und arbeitet in:<\/h2>\n\n\n\n<p>Oberb\u00fcngstra\u00dfe 3 \u2022 56566 Neuwied<br>Tel.: 026 22 &#8211; 8 27 17 \u2022 werkstatt@christel-hermann.de<br>www.christel-hermann.de<\/p>\n\n\n\n<p class=\"has-text-align-center\">Werkzyklus Illusion parcel 2011, Harz, Pigmente, Naturmaterialien, 50 x 50 x 16 cm<\/p>\n\n\n\n<div class=\"wp-block-image\"><figure class=\"aligncenter size-full is-resized\"><img decoding=\"async\" src=\"http:\/\/localhost\/wp-content\/uploads\/2022\/02\/1-7.jpg\" alt=\"\" class=\"wp-image-320\" height=\"400\" srcset=\"https:\/\/www.akm-koblenz.de\/wp-content\/uploads\/2022\/02\/1-7.jpg 408w, https:\/\/www.akm-koblenz.de\/wp-content\/uploads\/2022\/02\/1-7-210x300.jpg 210w\" sizes=\"(max-width: 408px) 100vw, 408px\" \/><\/figure><\/div>\n\n\n\n<p class=\"has-text-align-center\">Werkzyklus Archiv des Lebens 2012, Harz, Pigmente, Naturmaterialien, Eisen, 184 x 101 x 14 cm<\/p>\n\n\n\n<div class=\"wp-block-image\"><figure class=\"aligncenter size-full is-resized\"><img decoding=\"async\" src=\"http:\/\/localhost\/wp-content\/uploads\/2022\/02\/2-7.jpg\" alt=\"\" class=\"wp-image-321\" height=\"400\" srcset=\"https:\/\/www.akm-koblenz.de\/wp-content\/uploads\/2022\/02\/2-7.jpg 321w, https:\/\/www.akm-koblenz.de\/wp-content\/uploads\/2022\/02\/2-7-165x300.jpg 165w\" sizes=\"(max-width: 321px) 100vw, 321px\" \/><\/figure><\/div>\n\n\n\n<p class=\"has-text-align-center\">Werkzyklus Archiv des Lebens 2012, Harz, Pigmente, Naturmaterialien, Eisen, 120 x 300 x 14 cm<\/p>\n\n\n\n<div class=\"wp-block-image\"><figure class=\"aligncenter size-full is-resized\"><img decoding=\"async\" src=\"http:\/\/localhost\/wp-content\/uploads\/2022\/02\/3-7.jpg\" alt=\"\" class=\"wp-image-322\" width=\"400\" srcset=\"https:\/\/www.akm-koblenz.de\/wp-content\/uploads\/2022\/02\/3-7.jpg 443w, https:\/\/www.akm-koblenz.de\/wp-content\/uploads\/2022\/02\/3-7-300x204.jpg 300w\" sizes=\"(max-width: 443px) 100vw, 443px\" \/><\/figure><\/div>\n","protected":false},"excerpt":{"rendered":"<p>1951 geboren in Neuwied &nbsp; lebt und arbeitet in Heimbach Kunstpreise und Wettbewerbe 2012 Kunstpreis Di\u00f6zese Rottenburg, Pr\u00e4mierungsausstellung 2011&nbsp; Albert-Haueisen-Preis, Germersheim, Pr\u00e4mierungsausstellung 2005 Wettbewerb Kunst am Bau, Kreis Neuwied,Realschule Linz, Ank\u00e4ufe 2000 Kunstpreis UHRTURM, 1.Preis 1998 Wettbewerb Gestaltung Gesellschaftshaus Kirn, WandgestaltungWettbewerb Kunst am Bau, Staatstheater Mainz, Ank\u00e4ufe Einzelausstellungen (Auswahl) 2017 Galerie LEOGALLERIES, Monza (I)Galerie G. &hellip; <\/p>\n<p class=\"link-more\"><a href=\"https:\/\/www.akm-koblenz.de\/index.php\/mitglieder\/christel-hermann\/\" class=\"more-link\">Continue reading<span class=\"screen-reader-text\"> &#8220;Christel Hermann&#8221;<\/span><\/a><\/p>\n","protected":false},"author":1,"featured_media":0,"parent":92,"menu_order":0,"comment_status":"closed","ping_status":"closed","template":"","meta":{"footnotes":""},"class_list":["post-318","page","type-page","status-publish","hentry"],"_links":{"self":[{"href":"https:\/\/www.akm-koblenz.de\/index.php\/wp-json\/wp\/v2\/pages\/318","targetHints":{"allow":["GET"]}}],"collection":[{"href":"https:\/\/www.akm-koblenz.de\/index.php\/wp-json\/wp\/v2\/pages"}],"about":[{"href":"https:\/\/www.akm-koblenz.de\/index.php\/wp-json\/wp\/v2\/types\/page"}],"author":[{"embeddable":true,"href":"https:\/\/www.akm-koblenz.de\/index.php\/wp-json\/wp\/v2\/users\/1"}],"replies":[{"embeddable":true,"href":"https:\/\/www.akm-koblenz.de\/index.php\/wp-json\/wp\/v2\/comments?post=318"}],"version-history":[{"count":1,"href":"https:\/\/www.akm-koblenz.de\/index.php\/wp-json\/wp\/v2\/pages\/318\/revisions"}],"predecessor-version":[{"id":323,"href":"https:\/\/www.akm-koblenz.de\/index.php\/wp-json\/wp\/v2\/pages\/318\/revisions\/323"}],"up":[{"embeddable":true,"href":"https:\/\/www.akm-koblenz.de\/index.php\/wp-json\/wp\/v2\/pages\/92"}],"wp:attachment":[{"href":"https:\/\/www.akm-koblenz.de\/index.php\/wp-json\/wp\/v2\/media?parent=318"}],"curies":[{"name":"wp","href":"https:\/\/api.w.org\/{rel}","templated":true}]}}