{"id":255,"date":"2022-01-22T21:24:20","date_gmt":"2022-01-22T20:24:20","guid":{"rendered":"http:\/\/localhost\/?page_id=255"},"modified":"2022-01-22T21:24:20","modified_gmt":"2022-01-22T20:24:20","slug":"peter-goehlen","status":"publish","type":"page","link":"https:\/\/www.akm-koblenz.de\/index.php\/mitglieder\/peter-goehlen\/","title":{"rendered":"Peter Goehlen"},"content":{"rendered":"\n<div class=\"wp-block-columns is-layout-flex wp-container-core-columns-is-layout-1 wp-block-columns-is-layout-flex\">\n<div class=\"wp-block-column is-layout-flow wp-block-column-is-layout-flow\" style=\"flex-basis:66.66%\">\n<figure class=\"wp-block-table is-style-stripes\"><table><tbody><tr><td>1954<\/td><td>geboren in Koblenz<\/td><\/tr><tr><td>1978 &#8211; 1983<\/td><td>Fachhochschule Ottersberg bei Bremen<\/td><\/tr><tr><td>seit 1990<\/td><td>freischaffende T\u00e4tigkeit als Bildhauer und Plastiker<\/td><\/tr><tr><td>seit 1995<\/td><td>Atelier und Wohnung in Koblenz-Ehrenbreitstein, M\u00fchlental<\/td><\/tr><\/tbody><\/table><\/figure>\n<\/div>\n\n\n\n<div class=\"wp-block-column is-layout-flow wp-block-column-is-layout-flow\" style=\"flex-basis:33.33%\">\n<figure class=\"wp-block-image size-full\"><img loading=\"lazy\" decoding=\"async\" width=\"300\" height=\"300\" src=\"http:\/\/localhost\/wp-content\/uploads\/2022\/01\/goehlen.jpg\" alt=\"\" class=\"wp-image-256\" srcset=\"https:\/\/www.akm-koblenz.de\/wp-content\/uploads\/2022\/01\/goehlen.jpg 300w, https:\/\/www.akm-koblenz.de\/wp-content\/uploads\/2022\/01\/goehlen-200x200.jpg 200w, https:\/\/www.akm-koblenz.de\/wp-content\/uploads\/2022\/01\/goehlen-100x100.jpg 100w\" sizes=\"auto, (max-width: 300px) 100vw, 300px\" \/><\/figure>\n<\/div>\n<\/div>\n\n\n\n<h2 class=\"wp-block-heading\">Einzelausstellungen (Auswahl ab 1993)<\/h2>\n\n\n\n<figure class=\"wp-block-table is-style-stripes\"><table><tbody><tr><td>2017<\/td><td>Wegmarken, Johanneskirche, Essen<br>Torsichten, Michaelkapelle, Krefeld*<\/td><\/tr><tr><td>2016<\/td><td>TorWege, AKM, K\u00fcnstlerhaus Metternich, Koblenz<\/td><\/tr><tr><td>2013<\/td><td>Zu-Wege, Lukas Kirche, Heidelberg*<\/td><\/tr><tr><td>2012<\/td><td>Michaelische Form, Skulptur, Freie Waldorfschule, Neuwied<br>Lebenslinien-Himmelslinien, Fadenskulptur, Domfreihof, Trier<\/td><\/tr><tr><td>2011<\/td><td>Tore und Himmelslinien, Galerie Kr\u00fcger, Koblenz<br>Himmelslinien, Fadenskulptur f\u00fcr die BUGA 2011,<br>Festung Ehrenbreitstein, Koblenz<\/td><\/tr><tr><td>2009<\/td><td>Eisenskulptur, Galerie Kr\u00fcger, Koblenz<\/td><\/tr><tr><td>2007<\/td><td>Skulpturen und Zeichnungen, Die Christengemeinschaft, M\u00fcnster<br>MetallreliefeundZeichnungen, Konradhaus, Koblenz-Ehrenbreitstein<\/td><\/tr><tr><td>2006<\/td><td>Atmende Felder, dbb forum siebengebirge, K\u00f6nigswinter*<\/td><\/tr><tr><td>2004<\/td><td>Nahe Orte, Michaelkirche, Aachen*<\/td><\/tr><tr><td>2003<\/td><td>Skulpturen, Kunst Klause, Koblenz<\/td><\/tr><tr><td>2002<\/td><td>Das Buch der Sammlung, Nikodemus -Kirche, Herdecke*<\/td><\/tr><tr><td>2001<\/td><td>Lichte Tore, Kunstverein Nordenham*<\/td><\/tr><tr><td>2000<\/td><td>Wegsaaten, Cusanus Geburtshaus, Bernkastel &#8211; Kues*<\/td><\/tr><tr><td>1996<\/td><td>F\u00fcgungen, Galerie Klangfarbe, Duisburg*<\/td><\/tr><tr><td>1994<\/td><td>Richtungen, Michaelkapelle Krefeld*<\/td><\/tr><tr><td>1993<\/td><td>Zweiklang, Wilhelmshof, Krefeld*<\/td><\/tr><\/tbody><\/table><figcaption>*Ausstellungen gemeinsam mit Gabriele Goehlen, Malerei<\/figcaption><\/figure>\n\n\n\n<h2 class=\"wp-block-heading\">Ausstellungsbeteiligungen (Auswahl ab 1994)<\/h2>\n\n\n\n<figure class=\"wp-block-table is-style-stripes\"><table><tbody><tr><td>2017<\/td><td>NEXUS III, arbeitsgruppe rheinland-pf\u00e4lzischer k\u00fcnstler (ark), Festung Ehrenbreitstein, Koblenz<\/td><\/tr><tr><td>2014<\/td><td>Lebendiges Gleichgewicht, internationale Bildhauerausstellung, Goetheanum, Dornach, Schweiz<\/td><\/tr><tr><td>2009<\/td><td>Wechselblick, Ehrenbreitsteiner K\u00fcnstler,<br>K\u00fcnstlerhaus Metternich, Koblenz<\/td><\/tr><tr><td>2008<\/td><td>Drei K\u00fcnstler der AKM, Landtag Rheinland-Pfalz, Mainz<\/td><\/tr><tr><td>2007<\/td><td>Zugegen, Kulturzentrum Hardberg, Bonn<br>Vier Mitglieder, AKM K\u00fcnstlerhaus Metternich, Koblenz<\/td><\/tr><tr><td>2006<\/td><td>Skulptur im Fort, AKM Fort Konstantin, Koblenz<\/td><\/tr><tr><td>2005<\/td><td>Jahresausstellung, Europ\u00e4ische Vereinigung bildender K\u00fcnstler, Pr\u00fcm<\/td><\/tr><tr><td>1999<\/td><td>Farbraum, Haus am Sch\u00fcberg, Hamburg<\/td><\/tr><tr><td>1994<\/td><td>Durchdringungen, BIS, Zentrum f\u00fcr offene Kulturarbeit, M\u00f6nchengladbach<\/td><\/tr><tr><td>seit 2003<\/td><td>Teilnahme (au\u00dfer 2009) an der Jahresausstellung form+farbe,<br>AKM K\u00fcnstlerhaus Metternich, Koblenz<\/td><\/tr><tr><td>seit 2004<\/td><td>Teilnahme an der Jahresausstellung Aschermittwoch der K\u00fcnstler<br>AKM K\u00fcnstlerhaus Metternich, Koblenz<\/td><\/tr><\/tbody><\/table><\/figure>\n\n\n\n<h2 class=\"wp-block-heading\">Lebt und arbeitet in:<\/h2>\n\n\n\n<p>M\u00fchlental 52 \u2022 56077 Koblenz<br>Tel.: 0261- 702382 \u2022 peter-goehlen@t-online.de<br>www.peter-goehlen.de<\/p>\n\n\n\n<p class=\"has-text-align-center\">TOR Nr.12 2013, Holz (Eiche und Pflaume), H\u00f6he 70 cm<\/p>\n\n\n\n<div class=\"wp-block-image\"><figure class=\"aligncenter size-full is-resized\"><img decoding=\"async\" src=\"http:\/\/localhost\/wp-content\/uploads\/2022\/01\/01-7.jpg\" alt=\"\" class=\"wp-image-257\" width=\"400\" srcset=\"https:\/\/www.akm-koblenz.de\/wp-content\/uploads\/2022\/01\/01-7.jpg 640w, https:\/\/www.akm-koblenz.de\/wp-content\/uploads\/2022\/01\/01-7-200x300.jpg 200w\" sizes=\"(max-width: 640px) 100vw, 640px\" \/><\/figure><\/div>\n\n\n\n<p class=\"has-text-align-center\">TOR Nr.11 2010, Eisen und Eichenholz, H\u00f6he 73 cm<\/p>\n\n\n\n<div class=\"wp-block-image\"><figure class=\"aligncenter size-full is-resized\"><img decoding=\"async\" src=\"http:\/\/localhost\/wp-content\/uploads\/2022\/01\/02-7.jpg\" alt=\"\" class=\"wp-image-258\" width=\"400\" srcset=\"https:\/\/www.akm-koblenz.de\/wp-content\/uploads\/2022\/01\/02-7.jpg 403w, https:\/\/www.akm-koblenz.de\/wp-content\/uploads\/2022\/01\/02-7-208x300.jpg 208w\" sizes=\"(max-width: 403px) 100vw, 403px\" \/><\/figure><\/div>\n\n\n\n<p class=\"has-text-align-center\">TOR Nr.11 2010, Eisen und Eichenholz, H\u00f6he 73 cm<\/p>\n\n\n\n<div class=\"wp-block-image\"><figure class=\"aligncenter size-full is-resized\"><img decoding=\"async\" src=\"http:\/\/localhost\/wp-content\/uploads\/2022\/01\/03-6.jpg\" alt=\"\" class=\"wp-image-259\" width=\"400\" srcset=\"https:\/\/www.akm-koblenz.de\/wp-content\/uploads\/2022\/01\/03-6.jpg 404w, https:\/\/www.akm-koblenz.de\/wp-content\/uploads\/2022\/01\/03-6-208x300.jpg 208w\" sizes=\"(max-width: 404px) 100vw, 404px\" \/><\/figure><\/div>\n","protected":false},"excerpt":{"rendered":"<p>1954 geboren in Koblenz 1978 &#8211; 1983 Fachhochschule Ottersberg bei Bremen seit 1990 freischaffende T\u00e4tigkeit als Bildhauer und Plastiker seit 1995 Atelier und Wohnung in Koblenz-Ehrenbreitstein, M\u00fchlental Einzelausstellungen (Auswahl ab 1993) 2017 Wegmarken, Johanneskirche, EssenTorsichten, Michaelkapelle, Krefeld* 2016 TorWege, AKM, K\u00fcnstlerhaus Metternich, Koblenz 2013 Zu-Wege, Lukas Kirche, Heidelberg* 2012 Michaelische Form, Skulptur, Freie Waldorfschule, NeuwiedLebenslinien-Himmelslinien, &hellip; <\/p>\n<p class=\"link-more\"><a href=\"https:\/\/www.akm-koblenz.de\/index.php\/mitglieder\/peter-goehlen\/\" class=\"more-link\">Continue reading<span class=\"screen-reader-text\"> &#8220;Peter Goehlen&#8221;<\/span><\/a><\/p>\n","protected":false},"author":1,"featured_media":0,"parent":92,"menu_order":0,"comment_status":"closed","ping_status":"closed","template":"","meta":{"footnotes":""},"class_list":["post-255","page","type-page","status-publish","hentry"],"_links":{"self":[{"href":"https:\/\/www.akm-koblenz.de\/index.php\/wp-json\/wp\/v2\/pages\/255","targetHints":{"allow":["GET"]}}],"collection":[{"href":"https:\/\/www.akm-koblenz.de\/index.php\/wp-json\/wp\/v2\/pages"}],"about":[{"href":"https:\/\/www.akm-koblenz.de\/index.php\/wp-json\/wp\/v2\/types\/page"}],"author":[{"embeddable":true,"href":"https:\/\/www.akm-koblenz.de\/index.php\/wp-json\/wp\/v2\/users\/1"}],"replies":[{"embeddable":true,"href":"https:\/\/www.akm-koblenz.de\/index.php\/wp-json\/wp\/v2\/comments?post=255"}],"version-history":[{"count":1,"href":"https:\/\/www.akm-koblenz.de\/index.php\/wp-json\/wp\/v2\/pages\/255\/revisions"}],"predecessor-version":[{"id":260,"href":"https:\/\/www.akm-koblenz.de\/index.php\/wp-json\/wp\/v2\/pages\/255\/revisions\/260"}],"up":[{"embeddable":true,"href":"https:\/\/www.akm-koblenz.de\/index.php\/wp-json\/wp\/v2\/pages\/92"}],"wp:attachment":[{"href":"https:\/\/www.akm-koblenz.de\/index.php\/wp-json\/wp\/v2\/media?parent=255"}],"curies":[{"name":"wp","href":"https:\/\/api.w.org\/{rel}","templated":true}]}}

<div class="wp-block-columns is-layout-flex wp-container-core-columns-is-layout-1 wp-block-columns-is-layout-flex">
<div class="wp-block-column is-layout-flow wp-block-column-is-layout-flow" style="flex-basis:66.66%">
<figure class="wp-block-table is-style-stripes"><table><tbody><tr><td>1954</td><td>geboren in Koblenz</td></tr><tr><td>1978 &#8211; 1983</td><td>Fachhochschule Ottersberg bei Bremen</td></tr><tr><td>seit 1990</td><td>freischaffende Tätigkeit als Bildhauer und Plastiker</td></tr><tr><td>seit 1995</td><td>Atelier und Wohnung in Koblenz-Ehrenbreitstein, Mühlental</td></tr></tbody></table></figure>
</div>



<div class="wp-block-column is-layout-flow wp-block-column-is-layout-flow" style="flex-basis:33.33%">
<figure class="wp-block-image size-full"><img loading="lazy" decoding="async" width="300" height="300" src="http://localhost/wp-content/uploads/2022/01/goehlen.jpg" alt="" class="wp-image-256" srcset="https://www.akm-koblenz.de/wp-content/uploads/2022/01/goehlen.jpg 300w, https://www.akm-koblenz.de/wp-content/uploads/2022/01/goehlen-200x200.jpg 200w, https://www.akm-koblenz.de/wp-content/uploads/2022/01/goehlen-100x100.jpg 100w" sizes="auto, (max-width: 300px) 100vw, 300px" /></figure>
</div>
</div>



<h2 class="wp-block-heading">Einzelausstellungen (Auswahl ab 1993)</h2>



<figure class="wp-block-table is-style-stripes"><table><tbody><tr><td>2017</td><td>Wegmarken, Johanneskirche, Essen<br>Torsichten, Michaelkapelle, Krefeld*</td></tr><tr><td>2016</td><td>TorWege, AKM, Künstlerhaus Metternich, Koblenz</td></tr><tr><td>2013</td><td>Zu-Wege, Lukas Kirche, Heidelberg*</td></tr><tr><td>2012</td><td>Michaelische Form, Skulptur, Freie Waldorfschule, Neuwied<br>Lebenslinien-Himmelslinien, Fadenskulptur, Domfreihof, Trier</td></tr><tr><td>2011</td><td>Tore und Himmelslinien, Galerie Krüger, Koblenz<br>Himmelslinien, Fadenskulptur für die BUGA 2011,<br>Festung Ehrenbreitstein, Koblenz</td></tr><tr><td>2009</td><td>Eisenskulptur, Galerie Krüger, Koblenz</td></tr><tr><td>2007</td><td>Skulpturen und Zeichnungen, Die Christengemeinschaft, Münster<br>MetallreliefeundZeichnungen, Konradhaus, Koblenz-Ehrenbreitstein</td></tr><tr><td>2006</td><td>Atmende Felder, dbb forum siebengebirge, Königswinter*</td></tr><tr><td>2004</td><td>Nahe Orte, Michaelkirche, Aachen*</td></tr><tr><td>2003</td><td>Skulpturen, Kunst Klause, Koblenz</td></tr><tr><td>2002</td><td>Das Buch der Sammlung, Nikodemus -Kirche, Herdecke*</td></tr><tr><td>2001</td><td>Lichte Tore, Kunstverein Nordenham*</td></tr><tr><td>2000</td><td>Wegsaaten, Cusanus Geburtshaus, Bernkastel &#8211; Kues*</td></tr><tr><td>1996</td><td>Fügungen, Galerie Klangfarbe, Duisburg*</td></tr><tr><td>1994</td><td>Richtungen, Michaelkapelle Krefeld*</td></tr><tr><td>1993</td><td>Zweiklang, Wilhelmshof, Krefeld*</td></tr></tbody></table><figcaption>*Ausstellungen gemeinsam mit Gabriele Goehlen, Malerei</figcaption></figure>



<h2 class="wp-block-heading">Ausstellungsbeteiligungen (Auswahl ab 1994)</h2>



<figure class="wp-block-table is-style-stripes"><table><tbody><tr><td>2017</td><td>NEXUS III, arbeitsgruppe rheinland-pfälzischer künstler (ark), Festung Ehrenbreitstein, Koblenz</td></tr><tr><td>2014</td><td>Lebendiges Gleichgewicht, internationale Bildhauerausstellung, Goetheanum, Dornach, Schweiz</td></tr><tr><td>2009</td><td>Wechselblick, Ehrenbreitsteiner Künstler,<br>Künstlerhaus Metternich, Koblenz</td></tr><tr><td>2008</td><td>Drei Künstler der AKM, Landtag Rheinland-Pfalz, Mainz</td></tr><tr><td>2007</td><td>Zugegen, Kulturzentrum Hardberg, Bonn<br>Vier Mitglieder, AKM Künstlerhaus Metternich, Koblenz</td></tr><tr><td>2006</td><td>Skulptur im Fort, AKM Fort Konstantin, Koblenz</td></tr><tr><td>2005</td><td>Jahresausstellung, Europäische Vereinigung bildender Künstler, Prüm</td></tr><tr><td>1999</td><td>Farbraum, Haus am Schüberg, Hamburg</td></tr><tr><td>1994</td><td>Durchdringungen, BIS, Zentrum für offene Kulturarbeit, Mönchengladbach</td></tr><tr><td>seit 2003</td><td>Teilnahme (außer 2009) an der Jahresausstellung form+farbe,<br>AKM Künstlerhaus Metternich, Koblenz</td></tr><tr><td>seit 2004</td><td>Teilnahme an der Jahresausstellung Aschermittwoch der Künstler<br>AKM Künstlerhaus Metternich, Koblenz</td></tr></tbody></table></figure>



<h2 class="wp-block-heading">Lebt und arbeitet in:</h2>



<p>Mühlental 52 • 56077 Koblenz<br>Tel.: 0261- 702382 • peter-goehlen@t-online.de<br>www.peter-goehlen.de</p>



<p class="has-text-align-center">TOR Nr.12 2013, Holz (Eiche und Pflaume), Höhe 70 cm</p>



<div class="wp-block-image"><figure class="aligncenter size-full is-resized"><img decoding="async" src="http://localhost/wp-content/uploads/2022/01/01-7.jpg" alt="" class="wp-image-257" width="400" srcset="https://www.akm-koblenz.de/wp-content/uploads/2022/01/01-7.jpg 640w, https://www.akm-koblenz.de/wp-content/uploads/2022/01/01-7-200x300.jpg 200w" sizes="(max-width: 640px) 100vw, 640px" /></figure></div>



<p class="has-text-align-center">TOR Nr.11 2010, Eisen und Eichenholz, Höhe 73 cm</p>



<div class="wp-block-image"><figure class="aligncenter size-full is-resized"><img decoding="async" src="http://localhost/wp-content/uploads/2022/01/02-7.jpg" alt="" class="wp-image-258" width="400" srcset="https://www.akm-koblenz.de/wp-content/uploads/2022/01/02-7.jpg 403w, https://www.akm-koblenz.de/wp-content/uploads/2022/01/02-7-208x300.jpg 208w" sizes="(max-width: 403px) 100vw, 403px" /></figure></div>



<p class="has-text-align-center">TOR Nr.11 2010, Eisen und Eichenholz, Höhe 73 cm</p>



<div class="wp-block-image"><figure class="aligncenter size-full is-resized"><img decoding="async" src="http://localhost/wp-content/uploads/2022/01/03-6.jpg" alt="" class="wp-image-259" width="400" srcset="https://www.akm-koblenz.de/wp-content/uploads/2022/01/03-6.jpg 404w, https://www.akm-koblenz.de/wp-content/uploads/2022/01/03-6-208x300.jpg 208w" sizes="(max-width: 404px) 100vw, 404px" /></figure></div>

<p>1954 geboren in Koblenz 1978 &#8211; 1983 Fachhochschule Ottersberg bei Bremen seit 1990 freischaffende Tätigkeit als Bildhauer und Plastiker seit 1995 Atelier und Wohnung in Koblenz-Ehrenbreitstein, Mühlental Einzelausstellungen (Auswahl ab 1993) 2017 Wegmarken, Johanneskirche, EssenTorsichten, Michaelkapelle, Krefeld* 2016 TorWege, AKM, Künstlerhaus Metternich, Koblenz 2013 Zu-Wege, Lukas Kirche, Heidelberg* 2012 Michaelische Form, Skulptur, Freie Waldorfschule, NeuwiedLebenslinien-Himmelslinien, &hellip; </p>
<p class="link-more"><a href="https://www.akm-koblenz.de/index.php/mitglieder/peter-goehlen/" class="more-link">Continue reading<span class="screen-reader-text"> &#8220;Peter Goehlen&#8221;</span></a></p>
